{"id":364883,"date":"2024-09-10T03:02:26","date_gmt":"2024-09-10T15:40:37","guid":{"rendered":"https:\/\/maisoncleo.com\/\/?post_type=product&#038;p=364883"},"modified":"2024-09-10T21:17:35","modified_gmt":"2024-09-10T19:17:35","slug":"coup-de-foudre-defile-look-22-robe-a-bretelles-avec-armature-en-dentelle-bleu-ocean-brillante-volantee","status":"publish","type":"product","link":"https:\/\/maisoncleo.com\/fr\/shop\/coup-de-foudre-defile-look-22-robe-a-bretelles-avec-armature-en-dentelle-bleu-ocean-brillante-volantee\/","title":{"rendered":"COUP DE FOUDRE d\u00e9fil\u00e9 LOOK 22 &#8211; Robe \u00e0 bretelles avec armature en dentelle bleu oc\u00e9an brillante volant\u00e9e"},"content":{"rendered":"<p>Robe \u00e0 bretelles avec armature en dentelle bleu oc\u00e9an brillante volant\u00e9e.<\/p>\n<p>Bretelles argent\u00e9es \u00e9lastiqu\u00e9es ajustables. Baleines \u00e0 armature. Fentes sur l&rsquo;avant, volants. Doubl\u00e9e.\u00a0Notre coeur argent\u00e9 made in France \u201cFFF4ever\u201d cousu sur le devant (=F*ckFastFashion). Dentelle de Calais.<\/p>\n<p>Nous avons besoin de 3 heures pour faire cette robe. Nous pouvons faire 4 robes dans ce tissu.<\/p>\n<p>LOOK 22 de notre d\u00e9fil\u00e9 \u201cCoup de foudre\u201d de mars 2023.<\/p>\n<p>Longueur totale \u00e0 plat: 87 cm. Bretelles: 15 cm. Fente: 15 cm.<\/p>\n<p>La mod\u00e8le mesure 1m71 et porte une taille S-36.<\/p>\n","protected":false},"excerpt":{"rendered":"<p>Robe \u00e0 bretelles avec armature en dentelle bleu oc\u00e9an brillante volant\u00e9e. Bretelles argent\u00e9es \u00e9lastiqu\u00e9es ajustables. Baleines \u00e0 armature. Fentes sur l&rsquo;avant, volants.&hellip;<\/p>\n","protected":false},"featured_media":347780,"template":"","meta":[],"product_brand":[],"product_cat":[671,667,664,661],"product_tag":[],"class_list":{"0":"post-364883","1":"product","2":"type-product","3":"status-publish","4":"has-post-thumbnail","6":"product_cat-defiles","7":"product_cat-dernieres-pieces","8":"product_cat-robes","9":"product_cat-tout-voir","10":"pa_taille-l-40-2","11":"pa_taille-m-38-2","12":"pa_taille-s-36-2","13":"pa_taille-sur-mesure-fr-2","14":"pa_taille-xl-42-fr-2","15":"pa_taille-xs-34-2","17":"first","18":"instock","19":"taxable","20":"shipping-taxable","21":"purchasable","22":"product-type-variable"},"_links":{"self":[{"href":"https:\/\/maisoncleo.com\/fr\/wp-json\/wp\/v2\/product\/364883","targetHints":{"allow":["GET"]}}],"collection":[{"href":"https:\/\/maisoncleo.com\/fr\/wp-json\/wp\/v2\/product"}],"about":[{"href":"https:\/\/maisoncleo.com\/fr\/wp-json\/wp\/v2\/types\/product"}],"version-history":[{"count":1,"href":"https:\/\/maisoncleo.com\/fr\/wp-json\/wp\/v2\/product\/364883\/revisions"}],"predecessor-version":[{"id":364908,"href":"https:\/\/maisoncleo.com\/fr\/wp-json\/wp\/v2\/product\/364883\/revisions\/364908"}],"wp:featuredmedia":[{"embeddable":true,"href":"https:\/\/maisoncleo.com\/fr\/wp-json\/wp\/v2\/media\/347780"}],"wp:attachment":[{"href":"https:\/\/maisoncleo.com\/fr\/wp-json\/wp\/v2\/media?parent=364883"}],"wp:term":[{"taxonomy":"product_brand","embeddable":true,"href":"https:\/\/maisoncleo.com\/fr\/wp-json\/wp\/v2\/product_brand?post=364883"},{"taxonomy":"product_cat","embeddable":true,"href":"https:\/\/maisoncleo.com\/fr\/wp-json\/wp\/v2\/product_cat?post=364883"},{"taxonomy":"product_tag","embeddable":true,"href":"https:\/\/maisoncleo.com\/fr\/wp-json\/wp\/v2\/product_tag?post=364883"}],"curies":[{"name":"wp","href":"https:\/\/api.w.org\/{rel}","templated":true}]}}

COUP DE FOUDRE défilé LOOK 22 &#8211; Robe à bretelles avec armature en dentelle bleu océan brillante volantée

<p>Robe à bretelles avec armature en dentelle bleu océan brillante volantée.</p>
<p>Bretelles argentées élastiquées ajustables. Baleines à armature. Fentes sur l&rsquo;avant, volants. Doublée. Notre coeur argenté made in France “FFF4ever” cousu sur le devant (=F*ckFastFashion). Dentelle de Calais.</p>
<p>Nous avons besoin de 3 heures pour faire cette robe. Nous pouvons faire 4 robes dans ce tissu.</p>
<p>LOOK 22 de notre défilé “Coup de foudre” de mars 2023.</p>
<p>Longueur totale à plat: 87 cm. Bretelles: 15 cm. Fente: 15 cm.</p>
<p>La modèle mesure 1m71 et porte une taille S-36.</p>

<p>Robe à bretelles avec armature en dentelle bleu océan brillante volantée. Bretelles argentées élastiquées ajustables. Baleines à armature. Fentes sur l&rsquo;avant, volants.&hellip;</p>
