{"id":364392,"date":"2024-09-10T02:24:38","date_gmt":"2024-09-10T15:26:12","guid":{"rendered":"https:\/\/maisoncleo.com\/\/?post_type=product&#038;p=364392"},"modified":"2024-09-10T21:16:25","modified_gmt":"2024-09-10T19:16:25","slug":"ready-to-ship-fw22-runway-look-6-debardeur-noir-en-laine-rose-rouge-sacha","status":"publish","type":"product","link":"https:\/\/maisoncleo.com\/fr\/shop\/ready-to-ship-fw22-runway-look-6-debardeur-noir-en-laine-rose-rouge-sacha\/","title":{"rendered":"READY TO SHIP &#8211; FW22 RUNWAY LOOK 6 &#8211; D\u00e9bardeur noir en laine rose rouge SACHA"},"content":{"rendered":"<p>D\u00e9bardeur noir en laine tricot\u00e9 avec rose rouge sur le milieu devant.<\/p>\n<p>D\u00e9collet\u00e9 carr\u00e9. Bretelles bords c\u00f4tes. Fil m\u00e9lange de laine.<\/p>\n<p>LOOK 6 de notre d\u00e9fil\u00e9 automne hiver \u00ab\u00a0L&rsquo;Affranchie\u00a0\u00bb de septembre 2022.<\/p>\n<p>La mod\u00e8le mesure 172 cm et porte une taille S-36 .<\/p>\n","protected":false},"excerpt":{"rendered":"<p>D\u00e9bardeur noir en laine tricot\u00e9 avec rose rouge sur le milieu devant. D\u00e9collet\u00e9 carr\u00e9. Bretelles bords c\u00f4tes. Fil m\u00e9lange de laine. LOOK&hellip;<\/p>\n","protected":false},"featured_media":344753,"template":"","meta":[],"product_brand":[],"product_cat":[669,913],"product_tag":[],"class_list":{"0":"post-364392","1":"product","2":"type-product","3":"status-publish","4":"has-post-thumbnail","6":"product_cat-always-buyable-fr","7":"product_cat-ready-to-ship","8":"pa_taille-s-36-2","10":"first","11":"instock","12":"taxable","13":"shipping-taxable","14":"purchasable","15":"product-type-variable"},"_links":{"self":[{"href":"https:\/\/maisoncleo.com\/fr\/wp-json\/wp\/v2\/product\/364392","targetHints":{"allow":["GET"]}}],"collection":[{"href":"https:\/\/maisoncleo.com\/fr\/wp-json\/wp\/v2\/product"}],"about":[{"href":"https:\/\/maisoncleo.com\/fr\/wp-json\/wp\/v2\/types\/product"}],"version-history":[{"count":1,"href":"https:\/\/maisoncleo.com\/fr\/wp-json\/wp\/v2\/product\/364392\/revisions"}],"predecessor-version":[{"id":364466,"href":"https:\/\/maisoncleo.com\/fr\/wp-json\/wp\/v2\/product\/364392\/revisions\/364466"}],"wp:featuredmedia":[{"embeddable":true,"href":"https:\/\/maisoncleo.com\/fr\/wp-json\/wp\/v2\/media\/344753"}],"wp:attachment":[{"href":"https:\/\/maisoncleo.com\/fr\/wp-json\/wp\/v2\/media?parent=364392"}],"wp:term":[{"taxonomy":"product_brand","embeddable":true,"href":"https:\/\/maisoncleo.com\/fr\/wp-json\/wp\/v2\/product_brand?post=364392"},{"taxonomy":"product_cat","embeddable":true,"href":"https:\/\/maisoncleo.com\/fr\/wp-json\/wp\/v2\/product_cat?post=364392"},{"taxonomy":"product_tag","embeddable":true,"href":"https:\/\/maisoncleo.com\/fr\/wp-json\/wp\/v2\/product_tag?post=364392"}],"curies":[{"name":"wp","href":"https:\/\/api.w.org\/{rel}","templated":true}]}}

READY TO SHIP &#8211; FW22 RUNWAY LOOK 6 &#8211; Débardeur noir en laine rose rouge SACHA

<p>Débardeur noir en laine tricoté avec rose rouge sur le milieu devant.</p>
<p>Décolleté carré. Bretelles bords côtes. Fil mélange de laine.</p>
<p>LOOK 6 de notre défilé automne hiver « L&rsquo;Affranchie » de septembre 2022.</p>
<p>La modèle mesure 172 cm et porte une taille S-36 .</p>

<p>Débardeur noir en laine tricoté avec rose rouge sur le milieu devant. Décolleté carré. Bretelles bords côtes. Fil mélange de laine. LOOK&hellip;</p>
