{"id":363644,"date":"2024-09-10T01:56:11","date_gmt":"2024-09-10T14:58:41","guid":{"rendered":"https:\/\/maisoncleo.com\/\/?post_type=product&#038;p=363644"},"modified":"2024-09-10T21:15:40","modified_gmt":"2024-09-10T19:15:40","slug":"pantalon-evase-flare-noir-stretchy-avec-poches-devant-daniela","status":"publish","type":"product","link":"https:\/\/maisoncleo.com\/fr\/shop\/pantalon-evase-flare-noir-stretchy-avec-poches-devant-daniela\/","title":{"rendered":"Pantalon \u00e9vas\u00e9 flare noir stretchy avec poches devant DANIELA"},"content":{"rendered":"<p>Pantalon \u00e9vas\u00e9 flare noir stretchy avec poches avant.<\/p>\n<p>Taille mi-haute, deux poches rectangulaires plaqu\u00e9es sur le devant, \u00e0 enfiler gr\u00e2ce \u00e0 sa taille \u00e9lastiqu\u00e9e. Moulant sur le haut et \u00e9vas\u00e9 flare dans le bas. Tissu stretch tr\u00e8s agr\u00e9able \u00e0 porter.<\/p>\n<p>La mod\u00e8le mesure 173 cm et porte une taille S-36.<\/p>\n","protected":false},"excerpt":{"rendered":"<p>Pantalon \u00e9vas\u00e9 flare noir stretchy avec poches avant. Taille mi-haute, deux poches rectangulaires plaqu\u00e9es sur le devant, \u00e0 enfiler gr\u00e2ce \u00e0 sa&hellip;<\/p>\n","protected":false},"featured_media":346069,"template":"","meta":[],"product_brand":[],"product_cat":[667,675,661],"product_tag":[],"class_list":{"0":"post-363644","1":"product","2":"type-product","3":"status-publish","4":"has-post-thumbnail","6":"product_cat-dernieres-pieces","7":"product_cat-pantalons-shorts","8":"product_cat-tout-voir","9":"pa_taille-l-40-2","10":"pa_taille-m-38-2","11":"pa_taille-s-36-2","12":"pa_taille-sur-mesure-fr-2","13":"pa_taille-xl-42-fr-2","14":"pa_taille-xs-34-2","16":"first","17":"outofstock","18":"taxable","19":"shipping-taxable","20":"purchasable","21":"product-type-variable"},"_links":{"self":[{"href":"https:\/\/maisoncleo.com\/fr\/wp-json\/wp\/v2\/product\/363644","targetHints":{"allow":["GET"]}}],"collection":[{"href":"https:\/\/maisoncleo.com\/fr\/wp-json\/wp\/v2\/product"}],"about":[{"href":"https:\/\/maisoncleo.com\/fr\/wp-json\/wp\/v2\/types\/product"}],"version-history":[{"count":1,"href":"https:\/\/maisoncleo.com\/fr\/wp-json\/wp\/v2\/product\/363644\/revisions"}],"predecessor-version":[{"id":363673,"href":"https:\/\/maisoncleo.com\/fr\/wp-json\/wp\/v2\/product\/363644\/revisions\/363673"}],"wp:featuredmedia":[{"embeddable":true,"href":"https:\/\/maisoncleo.com\/fr\/wp-json\/wp\/v2\/media\/346069"}],"wp:attachment":[{"href":"https:\/\/maisoncleo.com\/fr\/wp-json\/wp\/v2\/media?parent=363644"}],"wp:term":[{"taxonomy":"product_brand","embeddable":true,"href":"https:\/\/maisoncleo.com\/fr\/wp-json\/wp\/v2\/product_brand?post=363644"},{"taxonomy":"product_cat","embeddable":true,"href":"https:\/\/maisoncleo.com\/fr\/wp-json\/wp\/v2\/product_cat?post=363644"},{"taxonomy":"product_tag","embeddable":true,"href":"https:\/\/maisoncleo.com\/fr\/wp-json\/wp\/v2\/product_tag?post=363644"}],"curies":[{"name":"wp","href":"https:\/\/api.w.org\/{rel}","templated":true}]}}

Pantalon évasé flare noir stretchy avec poches devant DANIELA

<p>Pantalon évasé flare noir stretchy avec poches avant.</p>
<p>Taille mi-haute, deux poches rectangulaires plaquées sur le devant, à enfiler grâce à sa taille élastiquée. Moulant sur le haut et évasé flare dans le bas. Tissu stretch très agréable à porter.</p>
<p>La modèle mesure 173 cm et porte une taille S-36.</p>

<p>Pantalon évasé flare noir stretchy avec poches avant. Taille mi-haute, deux poches rectangulaires plaquées sur le devant, à enfiler grâce à sa&hellip;</p>
