{"id":363300,"date":"2024-09-10T01:29:22","date_gmt":"2024-09-10T14:49:03","guid":{"rendered":"https:\/\/maisoncleo.com\/\/?post_type=product&#038;p=363300"},"modified":"2024-09-10T21:14:50","modified_gmt":"2024-09-10T19:14:50","slug":"fw22-runway-look-24-sac-baguette-en-vinyle-rouge-vif-emmanuelle","status":"publish","type":"product","link":"https:\/\/maisoncleo.com\/fr\/shop\/fw22-runway-look-24-sac-baguette-en-vinyle-rouge-vif-emmanuelle\/","title":{"rendered":"FW22 RUNWAY LOOK 24 &#8211; Sac baguette en vinyle rouge vif EMMANUELLE"},"content":{"rendered":"<p>Sac \u00e0 baguette en vinyle rouge vif.<\/p>\n<p>Petite poign\u00e9e. Fermeture zipp\u00e9e, mini poche \u00e0 l&rsquo;int\u00e9rieur, enti\u00e8rement doubl\u00e9e de tissu trench marron \u00e0 carreaux \u00e9cossais. Liens en satin sur les c\u00f4t\u00e9s, boucle arrondie vintage deadstock marron.<\/p>\n<p>100% vinyle provenant d&rsquo;une maison de couture fran\u00e7aise.<\/p>\n<p>Hauteur de la hanse : 18 cm<\/p>\n<p>Longueur de la fermeture \u00e9clair : 18 cm<\/p>\n<p>LOOK 24 de notre d\u00e9fil\u00e9 automne hiver septembre 2022 \u00ab\u00a0L&rsquo;Affranchie\u00a0\u00bb.<\/p>\n","protected":false},"excerpt":{"rendered":"<p>Sac \u00e0 baguette en vinyle rouge vif. Petite poign\u00e9e. Fermeture zipp\u00e9e, mini poche \u00e0 l&rsquo;int\u00e9rieur, enti\u00e8rement doubl\u00e9e de tissu trench marron \u00e0&hellip;<\/p>\n","protected":false},"featured_media":345347,"template":"","meta":[],"product_brand":[],"product_cat":[651,667,652,661],"product_tag":[],"class_list":{"0":"post-363300","1":"product","2":"type-product","3":"status-publish","4":"has-post-thumbnail","6":"product_cat-accessoires","7":"product_cat-dernieres-pieces","8":"product_cat-sacs","9":"product_cat-tout-voir","10":"pa_taille-taille-unique-2","12":"first","13":"instock","14":"taxable","15":"shipping-taxable","16":"purchasable","17":"product-type-variable"},"_links":{"self":[{"href":"https:\/\/maisoncleo.com\/fr\/wp-json\/wp\/v2\/product\/363300","targetHints":{"allow":["GET"]}}],"collection":[{"href":"https:\/\/maisoncleo.com\/fr\/wp-json\/wp\/v2\/product"}],"about":[{"href":"https:\/\/maisoncleo.com\/fr\/wp-json\/wp\/v2\/types\/product"}],"version-history":[{"count":1,"href":"https:\/\/maisoncleo.com\/fr\/wp-json\/wp\/v2\/product\/363300\/revisions"}],"predecessor-version":[{"id":363391,"href":"https:\/\/maisoncleo.com\/fr\/wp-json\/wp\/v2\/product\/363300\/revisions\/363391"}],"wp:featuredmedia":[{"embeddable":true,"href":"https:\/\/maisoncleo.com\/fr\/wp-json\/wp\/v2\/media\/345347"}],"wp:attachment":[{"href":"https:\/\/maisoncleo.com\/fr\/wp-json\/wp\/v2\/media?parent=363300"}],"wp:term":[{"taxonomy":"product_brand","embeddable":true,"href":"https:\/\/maisoncleo.com\/fr\/wp-json\/wp\/v2\/product_brand?post=363300"},{"taxonomy":"product_cat","embeddable":true,"href":"https:\/\/maisoncleo.com\/fr\/wp-json\/wp\/v2\/product_cat?post=363300"},{"taxonomy":"product_tag","embeddable":true,"href":"https:\/\/maisoncleo.com\/fr\/wp-json\/wp\/v2\/product_tag?post=363300"}],"curies":[{"name":"wp","href":"https:\/\/api.w.org\/{rel}","templated":true}]}}

<p>Sac à baguette en vinyle rouge vif.</p>
<p>Petite poignée. Fermeture zippée, mini poche à l&rsquo;intérieur, entièrement doublée de tissu trench marron à carreaux écossais. Liens en satin sur les côtés, boucle arrondie vintage deadstock marron.</p>
<p>100% vinyle provenant d&rsquo;une maison de couture française.</p>
<p>Hauteur de la hanse : 18 cm</p>
<p>Longueur de la fermeture éclair : 18 cm</p>
<p>LOOK 24 de notre défilé automne hiver septembre 2022 « L&rsquo;Affranchie ».</p>

<p>Sac à baguette en vinyle rouge vif. Petite poignée. Fermeture zippée, mini poche à l&rsquo;intérieur, entièrement doublée de tissu trench marron à&hellip;</p>
