{"id":363021,"date":"2024-09-10T01:06:10","date_gmt":"2024-09-10T14:42:13","guid":{"rendered":"https:\/\/maisoncleo.com\/\/?post_type=product&#038;p=363021"},"modified":"2024-09-10T21:13:54","modified_gmt":"2024-09-10T19:13:54","slug":"fw22-runway-look-5-robe-tube-marron-sans-manches-a-fleurs-violettes-en-mesh-carla","status":"publish","type":"product","link":"https:\/\/maisoncleo.com\/fr\/shop\/fw22-runway-look-5-robe-tube-marron-sans-manches-a-fleurs-violettes-en-mesh-carla\/","title":{"rendered":"FW22 RUNWAY LOOK 5 &#8211; Robe tube marron sans manches \u00e0 fleurs violettes en mesh CARLA"},"content":{"rendered":"<p>Robe tube marron sans manches \u00e0 fleurs violettes en mesh.\u00a0Moulante. Col rond.<\/p>\n<p>Tissu mesh \u00e0 fleurs violettes en collaboration avec l&rsquo;artiste peintre belge Stevie Dix. Design unique!<\/p>\n<p>Veuillez noter la possibilit\u00e9 d&rsquo;ajouter une doublure en mesh. Il n&rsquo;y avait pas de doublure sur la photo du d\u00e9fil\u00e9.<\/p>\n<p>LOOK 5 de notre d\u00e9fil\u00e9 automne hiver \u00ab\u00a0L&rsquo;Affranchie\u00a0\u00bb de septembre 2022.<\/p>\n<p>La mod\u00e8le mesure 172 cm et porte un S-36.<\/p>\n","protected":false},"excerpt":{"rendered":"<p>Robe tube marron sans manches \u00e0 fleurs violettes en mesh.\u00a0Moulante. Col rond. Tissu mesh \u00e0 fleurs violettes en collaboration avec l&rsquo;artiste peintre&hellip;<\/p>\n","protected":false},"featured_media":344726,"template":"","meta":[],"product_brand":[],"product_cat":[672,664,661],"product_tag":[],"class_list":{"0":"post-363021","1":"product","2":"type-product","3":"status-publish","4":"has-post-thumbnail","6":"product_cat-jupes","7":"product_cat-robes","8":"product_cat-tout-voir","9":"pa_taille-l-40-2","10":"pa_taille-m-38-2","11":"pa_taille-s-36-2","12":"pa_taille-sur-mesure-fr-2","13":"pa_taille-xl-42-fr-2","14":"pa_taille-xs-34-2","16":"first","17":"instock","18":"taxable","19":"shipping-taxable","20":"purchasable","21":"product-type-variable"},"_links":{"self":[{"href":"https:\/\/maisoncleo.com\/fr\/wp-json\/wp\/v2\/product\/363021","targetHints":{"allow":["GET"]}}],"collection":[{"href":"https:\/\/maisoncleo.com\/fr\/wp-json\/wp\/v2\/product"}],"about":[{"href":"https:\/\/maisoncleo.com\/fr\/wp-json\/wp\/v2\/types\/product"}],"version-history":[{"count":1,"href":"https:\/\/maisoncleo.com\/fr\/wp-json\/wp\/v2\/product\/363021\/revisions"}],"predecessor-version":[{"id":363054,"href":"https:\/\/maisoncleo.com\/fr\/wp-json\/wp\/v2\/product\/363021\/revisions\/363054"}],"wp:featuredmedia":[{"embeddable":true,"href":"https:\/\/maisoncleo.com\/fr\/wp-json\/wp\/v2\/media\/344726"}],"wp:attachment":[{"href":"https:\/\/maisoncleo.com\/fr\/wp-json\/wp\/v2\/media?parent=363021"}],"wp:term":[{"taxonomy":"product_brand","embeddable":true,"href":"https:\/\/maisoncleo.com\/fr\/wp-json\/wp\/v2\/product_brand?post=363021"},{"taxonomy":"product_cat","embeddable":true,"href":"https:\/\/maisoncleo.com\/fr\/wp-json\/wp\/v2\/product_cat?post=363021"},{"taxonomy":"product_tag","embeddable":true,"href":"https:\/\/maisoncleo.com\/fr\/wp-json\/wp\/v2\/product_tag?post=363021"}],"curies":[{"name":"wp","href":"https:\/\/api.w.org\/{rel}","templated":true}]}}

FW22 RUNWAY LOOK 5 &#8211; Robe tube marron sans manches à fleurs violettes en mesh CARLA

<p>Robe tube marron sans manches à fleurs violettes en mesh. Moulante. Col rond.</p>
<p>Tissu mesh à fleurs violettes en collaboration avec l&rsquo;artiste peintre belge Stevie Dix. Design unique!</p>
<p>Veuillez noter la possibilité d&rsquo;ajouter une doublure en mesh. Il n&rsquo;y avait pas de doublure sur la photo du défilé.</p>
<p>LOOK 5 de notre défilé automne hiver « L&rsquo;Affranchie » de septembre 2022.</p>
<p>La modèle mesure 172 cm et porte un S-36.</p>

<p>Robe tube marron sans manches à fleurs violettes en mesh. Moulante. Col rond. Tissu mesh à fleurs violettes en collaboration avec l&rsquo;artiste peintre&hellip;</p>
