{"id":362974,"date":"2024-09-10T01:01:42","date_gmt":"2024-09-10T14:40:49","guid":{"rendered":"https:\/\/maisoncleo.com\/\/?post_type=product&#038;p=362974"},"modified":"2024-09-10T21:13:50","modified_gmt":"2024-09-10T19:13:50","slug":"fw22-runway-look-3-top-gilet-cache-coeur-noir-a-roses-rouges-appliquees-isa","status":"publish","type":"product","link":"https:\/\/maisoncleo.com\/fr\/shop\/fw22-runway-look-3-top-gilet-cache-coeur-noir-a-roses-rouges-appliquees-isa\/","title":{"rendered":"FW22 RUNWAY LOOK 3 &#8211; Top gilet cache-coeur noir \u00e0 roses rouges appliqu\u00e9es ISA"},"content":{"rendered":"<p>Top gilet cache-coeur noir \u00e0 roses rouges appliqu\u00e9es.\u00a0D\u00e9collet\u00e9 en V. Manches longues. Tissu avec roses en appliqu\u00e9. Jersey de coton.<\/p>\n<p>LOOK 3 de notre d\u00e9fil\u00e9 automne hiver \u00ab\u00a0L&rsquo;Affranchie\u00a0\u00bb de septembre 2022.<\/p>\n<p>La mod\u00e8le mesure 172 cm et porte du S-36.<\/p>\n<p>Nous pouvons faire 3 tops dans ce tissu.<\/p>\n","protected":false},"excerpt":{"rendered":"<p>Top gilet cache-coeur noir \u00e0 roses rouges appliqu\u00e9es.\u00a0D\u00e9collet\u00e9 en V. Manches longues. Tissu avec roses en appliqu\u00e9. Jersey de coton. LOOK 3&hellip;<\/p>\n","protected":false},"featured_media":344629,"template":"","meta":[],"product_brand":[],"product_cat":[683,671,674,661],"product_tag":[],"class_list":{"0":"post-362974","1":"product","2":"type-product","3":"status-publish","4":"has-post-thumbnail","6":"product_cat-cardigans","7":"product_cat-defiles","8":"product_cat-tops","9":"product_cat-tout-voir","10":"pa_taille-l-40-2","11":"pa_taille-m-38-2","12":"pa_taille-s-36-2","13":"pa_taille-sur-mesure-fr-2","14":"pa_taille-xl-42-fr-2","15":"pa_taille-xs-34-2","17":"first","18":"outofstock","19":"taxable","20":"shipping-taxable","21":"purchasable","22":"product-type-variable"},"_links":{"self":[{"href":"https:\/\/maisoncleo.com\/fr\/wp-json\/wp\/v2\/product\/362974","targetHints":{"allow":["GET"]}}],"collection":[{"href":"https:\/\/maisoncleo.com\/fr\/wp-json\/wp\/v2\/product"}],"about":[{"href":"https:\/\/maisoncleo.com\/fr\/wp-json\/wp\/v2\/types\/product"}],"version-history":[{"count":1,"href":"https:\/\/maisoncleo.com\/fr\/wp-json\/wp\/v2\/product\/362974\/revisions"}],"predecessor-version":[{"id":363027,"href":"https:\/\/maisoncleo.com\/fr\/wp-json\/wp\/v2\/product\/362974\/revisions\/363027"}],"wp:featuredmedia":[{"embeddable":true,"href":"https:\/\/maisoncleo.com\/fr\/wp-json\/wp\/v2\/media\/344629"}],"wp:attachment":[{"href":"https:\/\/maisoncleo.com\/fr\/wp-json\/wp\/v2\/media?parent=362974"}],"wp:term":[{"taxonomy":"product_brand","embeddable":true,"href":"https:\/\/maisoncleo.com\/fr\/wp-json\/wp\/v2\/product_brand?post=362974"},{"taxonomy":"product_cat","embeddable":true,"href":"https:\/\/maisoncleo.com\/fr\/wp-json\/wp\/v2\/product_cat?post=362974"},{"taxonomy":"product_tag","embeddable":true,"href":"https:\/\/maisoncleo.com\/fr\/wp-json\/wp\/v2\/product_tag?post=362974"}],"curies":[{"name":"wp","href":"https:\/\/api.w.org\/{rel}","templated":true}]}}

FW22 RUNWAY LOOK 3 &#8211; Top gilet cache-coeur noir à roses rouges appliquées ISA

<p>Top gilet cache-coeur noir à roses rouges appliquées. Décolleté en V. Manches longues. Tissu avec roses en appliqué. Jersey de coton.</p>
<p>LOOK 3 de notre défilé automne hiver « L&rsquo;Affranchie » de septembre 2022.</p>
<p>La modèle mesure 172 cm et porte du S-36.</p>
<p>Nous pouvons faire 3 tops dans ce tissu.</p>

<p>Top gilet cache-coeur noir à roses rouges appliquées. Décolleté en V. Manches longues. Tissu avec roses en appliqué. Jersey de coton. LOOK 3&hellip;</p>
