{"id":362965,"date":"2024-09-10T01:02:45","date_gmt":"2024-09-10T14:40:48","guid":{"rendered":"https:\/\/maisoncleo.com\/\/?post_type=product&#038;p=362965"},"modified":"2024-09-10T21:15:05","modified_gmt":"2024-09-10T19:15:05","slug":"fw22-runway-look-2-blouse-en-coton-blanc-et-dentelle-annabelle","status":"publish","type":"product","link":"https:\/\/maisoncleo.com\/fr\/shop\/fw22-runway-look-2-blouse-en-coton-blanc-et-dentelle-annabelle\/","title":{"rendered":"FW22 RUNWAY LOOK 2 &#8211; Blouse en coton blanc et dentelle ANNABELLE"},"content":{"rendered":"<p>Blouse en coton blanc et dentelle de Calais. Col carr\u00e9 bord\u00e9 de dentelle. Manches longues \u00e0 poignets \u00e9lastiqu\u00e9s. Noeuds sur les poignets et le d\u00e9collet\u00e9. Elastiqu\u00e9e \u00e0 la taille avec bande \u00e9lastique.<\/p>\n<p>Longueur standard \u00e0 plat : 38 cm.<\/p>\n<p>Variation de mati\u00e8re et de couleur du LOOK 2 de notre d\u00e9fil\u00e9 automne hiver \u00ab\u00a0L&rsquo;Affranchie\u00a0\u00bb de septembre 2022.<\/p>\n<p>La mod\u00e8le mesure 172 cm et porte une taille S-36.<\/p>\n<p>&nbsp;<\/p>\n","protected":false},"excerpt":{"rendered":"<p>Blouse en coton blanc et dentelle de Calais. Col carr\u00e9 bord\u00e9 de dentelle. Manches longues \u00e0 poignets \u00e9lastiqu\u00e9s. Noeuds sur les poignets&hellip;<\/p>\n","protected":false},"featured_media":345680,"template":"","meta":[],"product_brand":[],"product_cat":[663,674,661],"product_tag":[],"class_list":{"0":"post-362965","1":"product","2":"type-product","3":"status-publish","4":"has-post-thumbnail","6":"product_cat-blouses","7":"product_cat-tops","8":"product_cat-tout-voir","9":"pa_taille-l-40-2","10":"pa_taille-m-38-2","11":"pa_taille-s-36-2","12":"pa_taille-sur-mesure-fr-2","13":"pa_taille-xl-42-fr-2","14":"pa_taille-xs-34-2","16":"first","17":"instock","18":"taxable","19":"shipping-taxable","20":"purchasable","21":"product-type-variable"},"_links":{"self":[{"href":"https:\/\/maisoncleo.com\/fr\/wp-json\/wp\/v2\/product\/362965","targetHints":{"allow":["GET"]}}],"collection":[{"href":"https:\/\/maisoncleo.com\/fr\/wp-json\/wp\/v2\/product"}],"about":[{"href":"https:\/\/maisoncleo.com\/fr\/wp-json\/wp\/v2\/types\/product"}],"version-history":[{"count":1,"href":"https:\/\/maisoncleo.com\/fr\/wp-json\/wp\/v2\/product\/362965\/revisions"}],"predecessor-version":[{"id":363469,"href":"https:\/\/maisoncleo.com\/fr\/wp-json\/wp\/v2\/product\/362965\/revisions\/363469"}],"wp:featuredmedia":[{"embeddable":true,"href":"https:\/\/maisoncleo.com\/fr\/wp-json\/wp\/v2\/media\/345680"}],"wp:attachment":[{"href":"https:\/\/maisoncleo.com\/fr\/wp-json\/wp\/v2\/media?parent=362965"}],"wp:term":[{"taxonomy":"product_brand","embeddable":true,"href":"https:\/\/maisoncleo.com\/fr\/wp-json\/wp\/v2\/product_brand?post=362965"},{"taxonomy":"product_cat","embeddable":true,"href":"https:\/\/maisoncleo.com\/fr\/wp-json\/wp\/v2\/product_cat?post=362965"},{"taxonomy":"product_tag","embeddable":true,"href":"https:\/\/maisoncleo.com\/fr\/wp-json\/wp\/v2\/product_tag?post=362965"}],"curies":[{"name":"wp","href":"https:\/\/api.w.org\/{rel}","templated":true}]}}

<p>Blouse en coton blanc et dentelle de Calais. Col carré bordé de dentelle. Manches longues à poignets élastiqués. Noeuds sur les poignets et le décolleté. Elastiquée à la taille avec bande élastique.</p>
<p>Longueur standard à plat : 38 cm.</p>
<p>Variation de matière et de couleur du LOOK 2 de notre défilé automne hiver « L&rsquo;Affranchie » de septembre 2022.</p>
<p>La modèle mesure 172 cm et porte une taille S-36.</p>
<p>&nbsp;</p>

<p>Blouse en coton blanc et dentelle de Calais. Col carré bordé de dentelle. Manches longues à poignets élastiqués. Noeuds sur les poignets&hellip;</p>
