{"id":362963,"date":"2024-09-10T01:02:45","date_gmt":"2024-09-10T14:40:48","guid":{"rendered":"https:\/\/maisoncleo.com\/\/?post_type=product&#038;p=362963"},"modified":"2024-09-10T21:13:49","modified_gmt":"2024-09-10T19:13:49","slug":"fw22-runway-look-2-mini-jupe-beige-en-soie-avec-dentelle-et-liens","status":"publish","type":"product","link":"https:\/\/maisoncleo.com\/fr\/shop\/fw22-runway-look-2-mini-jupe-beige-en-soie-avec-dentelle-et-liens\/","title":{"rendered":"FW22 RUNWAY LOOK 2 &#8211; Mini jupe beige en soie avec dentelle et liens"},"content":{"rendered":"<p>A LIRE AVANT D&rsquo;ACHETER CETTE JUPE :<\/p>\n<p>Le tissu d&rsquo;origine de cette jupe (premi\u00e8res photos) est maintenant \u00e9puis\u00e9. Ayant re\u00e7u beaucoup de demandes concernant cette jupe et cet ensemble, nous avons trouv\u00e9 un tissu similaire. A partir de maintenant, cette jupe sera donc fabriqu\u00e9e dans ce nouveau tissu que vous pouvez voir sur les deux derni\u00e8res photos. Il est plus beige que ivoire par rapport au premier tissu.<\/p>\n<p>&#8212;&#8212;&#8212;&#8212;&#8212;&#8212;-<\/p>\n<p>Mini jupe beige en soie avec dentelle et liens.\u00a0Taille basse.\u00a0Fermeture \u00e9clair dans le dos, fentes et noeuds sur les c\u00f4t\u00e9s. D\u00e9tail de dentelle dans le bas. 100% soie sauvage et dentelle de Calais.<\/p>\n<p>Comme tout est fait sur commande, vous pouvez demander la longueur que vous souhaitez et nous \u00e9crire un message durant ou suivant votre commande.<\/p>\n<p>Longueur standard \u00e0 plat : 29 cm.<\/p>\n<p>LOOK 2 de notre d\u00e9fil\u00e9 automne hiver \u00ab\u00a0L&rsquo;Affranchie\u00a0\u00bb de septembre 2022.<\/p>\n<p>La mod\u00e8le mesure 172 cm et porte une taille S-36.<\/p>\n","protected":false},"excerpt":{"rendered":"<p>A LIRE AVANT D&rsquo;ACHETER CETTE JUPE : Le tissu d&rsquo;origine de cette jupe (premi\u00e8res photos) est maintenant \u00e9puis\u00e9. Ayant re\u00e7u beaucoup de&hellip;<\/p>\n","protected":false},"featured_media":344648,"template":"","meta":[],"product_brand":[],"product_cat":[671,672,661],"product_tag":[],"class_list":{"0":"post-362963","1":"product","2":"type-product","3":"status-publish","4":"has-post-thumbnail","6":"product_cat-defiles","7":"product_cat-jupes","8":"product_cat-tout-voir","9":"pa_taille-l-40-2","10":"pa_taille-m-38-2","11":"pa_taille-s-36-2","12":"pa_taille-sur-mesure-fr-2","13":"pa_taille-xl-42-fr-2","14":"pa_taille-xs-34-2","16":"first","17":"instock","18":"taxable","19":"shipping-taxable","20":"purchasable","21":"product-type-variable"},"_links":{"self":[{"href":"https:\/\/maisoncleo.com\/fr\/wp-json\/wp\/v2\/product\/362963","targetHints":{"allow":["GET"]}}],"collection":[{"href":"https:\/\/maisoncleo.com\/fr\/wp-json\/wp\/v2\/product"}],"about":[{"href":"https:\/\/maisoncleo.com\/fr\/wp-json\/wp\/v2\/types\/product"}],"version-history":[{"count":1,"href":"https:\/\/maisoncleo.com\/fr\/wp-json\/wp\/v2\/product\/362963\/revisions"}],"predecessor-version":[{"id":363011,"href":"https:\/\/maisoncleo.com\/fr\/wp-json\/wp\/v2\/product\/362963\/revisions\/363011"}],"wp:featuredmedia":[{"embeddable":true,"href":"https:\/\/maisoncleo.com\/fr\/wp-json\/wp\/v2\/media\/344648"}],"wp:attachment":[{"href":"https:\/\/maisoncleo.com\/fr\/wp-json\/wp\/v2\/media?parent=362963"}],"wp:term":[{"taxonomy":"product_brand","embeddable":true,"href":"https:\/\/maisoncleo.com\/fr\/wp-json\/wp\/v2\/product_brand?post=362963"},{"taxonomy":"product_cat","embeddable":true,"href":"https:\/\/maisoncleo.com\/fr\/wp-json\/wp\/v2\/product_cat?post=362963"},{"taxonomy":"product_tag","embeddable":true,"href":"https:\/\/maisoncleo.com\/fr\/wp-json\/wp\/v2\/product_tag?post=362963"}],"curies":[{"name":"wp","href":"https:\/\/api.w.org\/{rel}","templated":true}]}}

<p>A LIRE AVANT D&rsquo;ACHETER CETTE JUPE :</p>
<p>Le tissu d&rsquo;origine de cette jupe (premières photos) est maintenant épuisé. Ayant reçu beaucoup de demandes concernant cette jupe et cet ensemble, nous avons trouvé un tissu similaire. A partir de maintenant, cette jupe sera donc fabriquée dans ce nouveau tissu que vous pouvez voir sur les deux dernières photos. Il est plus beige que ivoire par rapport au premier tissu.</p>
<p>&#8212;&#8212;&#8212;&#8212;&#8212;&#8212;-</p>
<p>Mini jupe beige en soie avec dentelle et liens. Taille basse. Fermeture éclair dans le dos, fentes et noeuds sur les côtés. Détail de dentelle dans le bas. 100% soie sauvage et dentelle de Calais.</p>
<p>Comme tout est fait sur commande, vous pouvez demander la longueur que vous souhaitez et nous écrire un message durant ou suivant votre commande.</p>
<p>Longueur standard à plat : 29 cm.</p>
<p>LOOK 2 de notre défilé automne hiver « L&rsquo;Affranchie » de septembre 2022.</p>
<p>La modèle mesure 172 cm et porte une taille S-36.</p>

<p>A LIRE AVANT D&rsquo;ACHETER CETTE JUPE : Le tissu d&rsquo;origine de cette jupe (premières photos) est maintenant épuisé. Ayant reçu beaucoup de&hellip;</p>
