{"id":362240,"date":"2024-09-10T00:17:13","date_gmt":"2024-09-09T22:17:13","guid":{"rendered":"https:\/\/maisoncleo.com\/\/?post_type=product&#038;p=362240"},"modified":"2024-09-10T21:12:28","modified_gmt":"2024-09-10T19:12:28","slug":"la-chemise-ecoliere-en-denim-leger-manches-3-4-cleo","status":"publish","type":"product","link":"https:\/\/maisoncleo.com\/fr\/shop\/la-chemise-ecoliere-en-denim-leger-manches-3-4-cleo\/","title":{"rendered":"La chemise \u00e9coli\u00e8re en denim l\u00e9ger manches 3\/4 Cl\u00e9o"},"content":{"rendered":"<p id=\"tw-target-text\" class=\"tw-data-text tw-text-large XcVN5d tw-ta\" dir=\"ltr\" data-placeholder=\"Traduction\"><span class=\"Y2IQFc\" lang=\"fr\">Notre toute premi\u00e8re chemise&#8230; La chemise Cl\u00e9o! Boutonni\u00e8re avec des boutons grav\u00e9s \u00ab\u00a0MaisonCl\u00e9o\u00a0\u00bb fabriqu\u00e9s \u00e0 c\u00f4t\u00e9 de chez nous dans le nord de la France, manches 3\/4 avec deux poignets pointus, qui peuvent \u00eatre ferm\u00e9s par un bouton ou retrouss\u00e9s sur eux-m\u00eames, pinces poitrine, 2 fentes sur le c\u00f4t\u00e9 bas, col pointu, ajust\u00e9 sur la poitrine et droit sur la taille. Dans une version en denim l\u00e9ger \u00e0 carreaux!<\/span><\/p>\n<p dir=\"ltr\" data-placeholder=\"Traduction\">La mod\u00e8le mesure 1m71 et porte une taille XS\/34.<\/p>\n","protected":false},"excerpt":{"rendered":"<p>Notre toute premi\u00e8re chemise&#8230; La chemise Cl\u00e9o! Boutonni\u00e8re avec des boutons grav\u00e9s \u00ab\u00a0MaisonCl\u00e9o\u00a0\u00bb fabriqu\u00e9s \u00e0 c\u00f4t\u00e9 de chez nous dans le nord&hellip;<\/p>\n","protected":false},"featured_media":343360,"template":"","meta":[],"product_brand":[],"product_cat":[663,667,674],"product_tag":[],"class_list":{"0":"post-362240","1":"product","2":"type-product","3":"status-publish","4":"has-post-thumbnail","6":"product_cat-blouses","7":"product_cat-dernieres-pieces","8":"product_cat-tops","9":"pa_taille-l-40-2","10":"pa_taille-m-38-2","11":"pa_taille-s-36-2","12":"pa_taille-sur-mesure-fr-2","13":"pa_taille-xl-42-fr-2","14":"pa_taille-xs-34-2","16":"first","17":"outofstock","18":"taxable","19":"shipping-taxable","20":"purchasable","21":"product-type-variable"},"_links":{"self":[{"href":"https:\/\/maisoncleo.com\/fr\/wp-json\/wp\/v2\/product\/362240","targetHints":{"allow":["GET"]}}],"collection":[{"href":"https:\/\/maisoncleo.com\/fr\/wp-json\/wp\/v2\/product"}],"about":[{"href":"https:\/\/maisoncleo.com\/fr\/wp-json\/wp\/v2\/types\/product"}],"version-history":[{"count":1,"href":"https:\/\/maisoncleo.com\/fr\/wp-json\/wp\/v2\/product\/362240\/revisions"}],"predecessor-version":[{"id":362286,"href":"https:\/\/maisoncleo.com\/fr\/wp-json\/wp\/v2\/product\/362240\/revisions\/362286"}],"wp:featuredmedia":[{"embeddable":true,"href":"https:\/\/maisoncleo.com\/fr\/wp-json\/wp\/v2\/media\/343360"}],"wp:attachment":[{"href":"https:\/\/maisoncleo.com\/fr\/wp-json\/wp\/v2\/media?parent=362240"}],"wp:term":[{"taxonomy":"product_brand","embeddable":true,"href":"https:\/\/maisoncleo.com\/fr\/wp-json\/wp\/v2\/product_brand?post=362240"},{"taxonomy":"product_cat","embeddable":true,"href":"https:\/\/maisoncleo.com\/fr\/wp-json\/wp\/v2\/product_cat?post=362240"},{"taxonomy":"product_tag","embeddable":true,"href":"https:\/\/maisoncleo.com\/fr\/wp-json\/wp\/v2\/product_tag?post=362240"}],"curies":[{"name":"wp","href":"https:\/\/api.w.org\/{rel}","templated":true}]}}

La chemise écolière en denim léger manches 3/4 Cléo

<p id="tw-target-text" class="tw-data-text tw-text-large XcVN5d tw-ta" dir="ltr" data-placeholder="Traduction"><span class="Y2IQFc" lang="fr">Notre toute première chemise&#8230; La chemise Cléo! Boutonnière avec des boutons gravés « MaisonCléo » fabriqués à côté de chez nous dans le nord de la France, manches 3/4 avec deux poignets pointus, qui peuvent être fermés par un bouton ou retroussés sur eux-mêmes, pinces poitrine, 2 fentes sur le côté bas, col pointu, ajusté sur la poitrine et droit sur la taille. Dans une version en denim léger à carreaux!</span></p>
<p dir="ltr" data-placeholder="Traduction">La modèle mesure 1m71 et porte une taille XS/34.</p>

<p>Notre toute première chemise&#8230; La chemise Cléo! Boutonnière avec des boutons gravés « MaisonCléo » fabriqués à côté de chez nous dans le nord&hellip;</p>
