{"id":361985,"date":"2024-09-09T23:50:04","date_gmt":"2024-09-10T14:04:02","guid":{"rendered":"https:\/\/maisoncleo.com\/\/?post_type=product&#038;p=361985"},"modified":"2024-09-10T21:11:49","modified_gmt":"2024-09-10T19:11:49","slug":"runway-look-48-pareo-strass-noirs-brillants-sequins","status":"publish","type":"product","link":"https:\/\/maisoncleo.com\/fr\/shop\/runway-look-48-pareo-strass-noirs-brillants-sequins\/","title":{"rendered":"RUNWAY LOOK 48 &#8211; Par\u00e9o strass noirs brillants sequins"},"content":{"rendered":"<p>Par\u00e9o strass noirs brillants sequins. Noeud noir sur le c\u00f4t\u00e9 droit pour l&rsquo;ajuster. Assemblage dans un strass style r\u00e9sille r\u00e9alis\u00e9 dans le nord de la France.<\/p>\n<p>LOOK 48 issu de notre premier d\u00e9fil\u00e9 \u00ab\u00a0Premi\u00e8re Fois\u00a0\u00bb en mars 2022.<\/p>\n<p>La mod\u00e8le mesure 1m75 et porte une taille S-36.<\/p>\n","protected":false},"excerpt":{"rendered":"<p>Par\u00e9o strass noirs brillants sequins. Noeud noir sur le c\u00f4t\u00e9 droit pour l&rsquo;ajuster. Assemblage dans un strass style r\u00e9sille r\u00e9alis\u00e9 dans le&hellip;<\/p>\n","protected":false},"featured_media":342691,"template":"","meta":[],"product_brand":[],"product_cat":[671,667,672,673,661],"product_tag":[],"class_list":{"0":"post-361985","1":"product","2":"type-product","3":"status-publish","4":"has-post-thumbnail","6":"product_cat-defiles","7":"product_cat-dernieres-pieces","8":"product_cat-jupes","9":"product_cat-maillots-de-bain","10":"product_cat-tout-voir","11":"pa_taille-l-40-2","12":"pa_taille-m-38-2","13":"pa_taille-s-36-2","14":"pa_taille-sur-mesure-fr-2","15":"pa_taille-xl-42-fr-2","16":"pa_taille-xs-34-2","18":"first","19":"instock","20":"taxable","21":"shipping-taxable","22":"purchasable","23":"product-type-variable"},"_links":{"self":[{"href":"https:\/\/maisoncleo.com\/fr\/wp-json\/wp\/v2\/product\/361985","targetHints":{"allow":["GET"]}}],"collection":[{"href":"https:\/\/maisoncleo.com\/fr\/wp-json\/wp\/v2\/product"}],"about":[{"href":"https:\/\/maisoncleo.com\/fr\/wp-json\/wp\/v2\/types\/product"}],"version-history":[{"count":1,"href":"https:\/\/maisoncleo.com\/fr\/wp-json\/wp\/v2\/product\/361985\/revisions"}],"predecessor-version":[{"id":362005,"href":"https:\/\/maisoncleo.com\/fr\/wp-json\/wp\/v2\/product\/361985\/revisions\/362005"}],"wp:featuredmedia":[{"embeddable":true,"href":"https:\/\/maisoncleo.com\/fr\/wp-json\/wp\/v2\/media\/342691"}],"wp:attachment":[{"href":"https:\/\/maisoncleo.com\/fr\/wp-json\/wp\/v2\/media?parent=361985"}],"wp:term":[{"taxonomy":"product_brand","embeddable":true,"href":"https:\/\/maisoncleo.com\/fr\/wp-json\/wp\/v2\/product_brand?post=361985"},{"taxonomy":"product_cat","embeddable":true,"href":"https:\/\/maisoncleo.com\/fr\/wp-json\/wp\/v2\/product_cat?post=361985"},{"taxonomy":"product_tag","embeddable":true,"href":"https:\/\/maisoncleo.com\/fr\/wp-json\/wp\/v2\/product_tag?post=361985"}],"curies":[{"name":"wp","href":"https:\/\/api.w.org\/{rel}","templated":true}]}}

RUNWAY LOOK 48 &#8211; Paréo strass noirs brillants sequins

<p>Paréo strass noirs brillants sequins. Noeud noir sur le côté droit pour l&rsquo;ajuster. Assemblage dans un strass style résille réalisé dans le nord de la France.</p>
<p>LOOK 48 issu de notre premier défilé « Première Fois » en mars 2022.</p>
<p>La modèle mesure 1m75 et porte une taille S-36.</p>

<p>Paréo strass noirs brillants sequins. Noeud noir sur le côté droit pour l&rsquo;ajuster. Assemblage dans un strass style résille réalisé dans le&hellip;</p>
