{"id":361878,"date":"2024-09-09T23:40:46","date_gmt":"2024-09-10T14:00:57","guid":{"rendered":"https:\/\/maisoncleo.com\/\/?post_type=product&#038;p=361878"},"modified":"2024-09-10T21:11:33","modified_gmt":"2024-09-10T19:11:33","slug":"runway-look-33-veste-en-denim-imprime-details-dentelle-de-calais","status":"publish","type":"product","link":"https:\/\/maisoncleo.com\/fr\/shop\/runway-look-33-veste-en-denim-imprime-details-dentelle-de-calais\/","title":{"rendered":"RUNWAY LOOK 33 &#8211; Veste en denim imprim\u00e9 d\u00e9tails dentelle de Calais"},"content":{"rendered":"<p>Veste en denim imprim\u00e9 avec d\u00e9tails de dentelle de Calais sur le col et sur les poches. Coupe oversize, deux poches devant, manches longues, 3 gros boutons vintage.<\/p>\n<p>LOOK 33 de notre premier d\u00e9fil\u00e9 \u00ab\u00a0Premi\u00e8re Fois\u00a0\u00bb en mars 2022.<\/p>\n<p>La mod\u00e8le mesure 1m75 et porte une taille S-36.<\/p>\n","protected":false},"excerpt":{"rendered":"<p>Veste en denim imprim\u00e9 avec d\u00e9tails de dentelle de Calais sur le col et sur les poches. Coupe oversize, deux poches devant,&hellip;<\/p>\n","protected":false},"featured_media":342431,"template":"","meta":[],"product_brand":[],"product_cat":[671,667,661,665],"product_tag":[],"class_list":{"0":"post-361878","1":"product","2":"type-product","3":"status-publish","4":"has-post-thumbnail","6":"product_cat-defiles","7":"product_cat-dernieres-pieces","8":"product_cat-tout-voir","9":"product_cat-vestes-manteaux","10":"pa_taille-l-40-2","11":"pa_taille-m-38-2","12":"pa_taille-s-36-2","13":"pa_taille-sur-mesure-fr-2","14":"pa_taille-xl-42-fr-2","15":"pa_taille-xs-34-2","17":"first","18":"outofstock","19":"taxable","20":"shipping-taxable","21":"purchasable","22":"product-type-variable"},"_links":{"self":[{"href":"https:\/\/maisoncleo.com\/fr\/wp-json\/wp\/v2\/product\/361878","targetHints":{"allow":["GET"]}}],"collection":[{"href":"https:\/\/maisoncleo.com\/fr\/wp-json\/wp\/v2\/product"}],"about":[{"href":"https:\/\/maisoncleo.com\/fr\/wp-json\/wp\/v2\/types\/product"}],"version-history":[{"count":1,"href":"https:\/\/maisoncleo.com\/fr\/wp-json\/wp\/v2\/product\/361878\/revisions"}],"predecessor-version":[{"id":361912,"href":"https:\/\/maisoncleo.com\/fr\/wp-json\/wp\/v2\/product\/361878\/revisions\/361912"}],"wp:featuredmedia":[{"embeddable":true,"href":"https:\/\/maisoncleo.com\/fr\/wp-json\/wp\/v2\/media\/342431"}],"wp:attachment":[{"href":"https:\/\/maisoncleo.com\/fr\/wp-json\/wp\/v2\/media?parent=361878"}],"wp:term":[{"taxonomy":"product_brand","embeddable":true,"href":"https:\/\/maisoncleo.com\/fr\/wp-json\/wp\/v2\/product_brand?post=361878"},{"taxonomy":"product_cat","embeddable":true,"href":"https:\/\/maisoncleo.com\/fr\/wp-json\/wp\/v2\/product_cat?post=361878"},{"taxonomy":"product_tag","embeddable":true,"href":"https:\/\/maisoncleo.com\/fr\/wp-json\/wp\/v2\/product_tag?post=361878"}],"curies":[{"name":"wp","href":"https:\/\/api.w.org\/{rel}","templated":true}]}}

RUNWAY LOOK 33 &#8211; Veste en denim imprimé détails dentelle de Calais

<p>Veste en denim imprimé avec détails de dentelle de Calais sur le col et sur les poches. Coupe oversize, deux poches devant, manches longues, 3 gros boutons vintage.</p>
<p>LOOK 33 de notre premier défilé « Première Fois » en mars 2022.</p>
<p>La modèle mesure 1m75 et porte une taille S-36.</p>

<p>Veste en denim imprimé avec détails de dentelle de Calais sur le col et sur les poches. Coupe oversize, deux poches devant,&hellip;</p>
