{"id":361532,"date":"2024-09-09T22:59:49","date_gmt":"2024-09-10T13:51:48","guid":{"rendered":"https:\/\/maisoncleo.com\/\/?post_type=product&#038;p=361532"},"modified":"2024-09-10T21:10:32","modified_gmt":"2024-09-10T19:10:32","slug":"runway-look-15-chemise-manches-courtes-en-mousseline-noire-ornee-de-sequins","status":"publish","type":"product","link":"https:\/\/maisoncleo.com\/fr\/shop\/runway-look-15-chemise-manches-courtes-en-mousseline-noire-ornee-de-sequins\/","title":{"rendered":"RUNWAY LOOK 15 &#8211; Chemise manches courtes en mousseline noire orn\u00e9e de sequins"},"content":{"rendered":"<p id=\"tw-target-text\" class=\"tw-data-text tw-text-large tw-ta\" dir=\"ltr\" data-placeholder=\"Traduction\"><span class=\"Y2IQFc\" lang=\"fr\">Chemise en mousseline noire orn\u00e9e de sequins. Ajust\u00e9e, manches courtes, boutonn\u00e9e, boutons grav\u00e9s \u00ab\u00a0MaisonCl\u00e9o\u00a0\u00bb. Tissu transparent. <\/span><\/p>\n<p class=\"tw-data-text tw-text-large tw-ta\" dir=\"ltr\" data-placeholder=\"Traduction\"><span class=\"Y2IQFc\" lang=\"fr\">LOOK 15 de notre premier d\u00e9fil\u00e9 \u00ab\u00a0Premi\u00e8re Fois\u00a0\u00bb en mars 2022. <\/span><\/p>\n<p class=\"tw-data-text tw-text-large tw-ta\" dir=\"ltr\" data-placeholder=\"Traduction\"><span class=\"Y2IQFc\" lang=\"fr\">La mod\u00e8le mesure 1m75 et porte une taille S-36.<\/span><\/p>\n","protected":false},"excerpt":{"rendered":"<p>Chemise en mousseline noire orn\u00e9e de sequins. Ajust\u00e9e, manches courtes, boutonn\u00e9e, boutons grav\u00e9s \u00ab\u00a0MaisonCl\u00e9o\u00a0\u00bb. Tissu transparent. LOOK 15 de notre premier d\u00e9fil\u00e9&hellip;<\/p>\n","protected":false},"featured_media":341377,"template":"","meta":[],"product_brand":[],"product_cat":[667,674,661],"product_tag":[],"class_list":{"0":"post-361532","1":"product","2":"type-product","3":"status-publish","4":"has-post-thumbnail","6":"product_cat-dernieres-pieces","7":"product_cat-tops","8":"product_cat-tout-voir","9":"pa_taille-l-40-2","10":"pa_taille-m-38-2","11":"pa_taille-s-36-2","12":"pa_taille-sur-mesure-fr-2","13":"pa_taille-xl-42-fr-2","14":"pa_taille-xs-34-2","16":"first","17":"instock","18":"taxable","19":"shipping-taxable","20":"purchasable","21":"product-type-variable"},"_links":{"self":[{"href":"https:\/\/maisoncleo.com\/fr\/wp-json\/wp\/v2\/product\/361532","targetHints":{"allow":["GET"]}}],"collection":[{"href":"https:\/\/maisoncleo.com\/fr\/wp-json\/wp\/v2\/product"}],"about":[{"href":"https:\/\/maisoncleo.com\/fr\/wp-json\/wp\/v2\/types\/product"}],"version-history":[{"count":1,"href":"https:\/\/maisoncleo.com\/fr\/wp-json\/wp\/v2\/product\/361532\/revisions"}],"predecessor-version":[{"id":361566,"href":"https:\/\/maisoncleo.com\/fr\/wp-json\/wp\/v2\/product\/361532\/revisions\/361566"}],"wp:featuredmedia":[{"embeddable":true,"href":"https:\/\/maisoncleo.com\/fr\/wp-json\/wp\/v2\/media\/341377"}],"wp:attachment":[{"href":"https:\/\/maisoncleo.com\/fr\/wp-json\/wp\/v2\/media?parent=361532"}],"wp:term":[{"taxonomy":"product_brand","embeddable":true,"href":"https:\/\/maisoncleo.com\/fr\/wp-json\/wp\/v2\/product_brand?post=361532"},{"taxonomy":"product_cat","embeddable":true,"href":"https:\/\/maisoncleo.com\/fr\/wp-json\/wp\/v2\/product_cat?post=361532"},{"taxonomy":"product_tag","embeddable":true,"href":"https:\/\/maisoncleo.com\/fr\/wp-json\/wp\/v2\/product_tag?post=361532"}],"curies":[{"name":"wp","href":"https:\/\/api.w.org\/{rel}","templated":true}]}}

RUNWAY LOOK 15 &#8211; Chemise manches courtes en mousseline noire ornée de sequins

<p id="tw-target-text" class="tw-data-text tw-text-large tw-ta" dir="ltr" data-placeholder="Traduction"><span class="Y2IQFc" lang="fr">Chemise en mousseline noire ornée de sequins. Ajustée, manches courtes, boutonnée, boutons gravés « MaisonCléo ». Tissu transparent. </span></p>
<p class="tw-data-text tw-text-large tw-ta" dir="ltr" data-placeholder="Traduction"><span class="Y2IQFc" lang="fr">LOOK 15 de notre premier défilé « Première Fois » en mars 2022. </span></p>
<p class="tw-data-text tw-text-large tw-ta" dir="ltr" data-placeholder="Traduction"><span class="Y2IQFc" lang="fr">La modèle mesure 1m75 et porte une taille S-36.</span></p>

<p>Chemise en mousseline noire ornée de sequins. Ajustée, manches courtes, boutonnée, boutons gravés « MaisonCléo ». Tissu transparent. LOOK 15 de notre premier défilé&hellip;</p>
