{"id":361509,"date":"2024-09-09T22:55:12","date_gmt":"2024-09-10T13:51:01","guid":{"rendered":"https:\/\/maisoncleo.com\/\/?post_type=product&#038;p=361509"},"modified":"2024-09-10T21:10:28","modified_gmt":"2024-09-10T19:10:28","slug":"runway-look-14-mini-jupe-facon-raphia-blanche-avec-poche","status":"publish","type":"product","link":"https:\/\/maisoncleo.com\/fr\/shop\/runway-look-14-mini-jupe-facon-raphia-blanche-avec-poche\/","title":{"rendered":"RUNWAY LOOK 14 &#8211; Mini-jupe fa\u00e7on raphia blanche avec poche"},"content":{"rendered":"<p id=\"tw-target-text\" class=\"tw-data-text tw-text-large tw-ta\" dir=\"ltr\" data-placeholder=\"Traduction\"><span class=\"Y2IQFc\" lang=\"fr\">Mini-jupe en maille tress\u00e9e fa\u00e7on raphia blanche. Poche\u00a0 assortie suspendue \u00e0 la ceinture, taille haute, coupe trap\u00e8ze. Fermeture \u00e9clair.<\/span><\/p>\n<p class=\"tw-data-text tw-text-large tw-ta\" dir=\"ltr\" data-placeholder=\"Traduction\"><span class=\"Y2IQFc\" lang=\"fr\">LOOK 14 de notre premier d\u00e9fil\u00e9 \u00ab\u00a0Premi\u00e8re Fois\u00a0\u00bb en mars 2022. <\/span><\/p>\n<p class=\"tw-data-text tw-text-large tw-ta\" dir=\"ltr\" data-placeholder=\"Traduction\"><span class=\"Y2IQFc\" lang=\"fr\">La mod\u00e8le mesure 1m75 et porte une taille S-36.<\/span><\/p>\n","protected":false},"excerpt":{"rendered":"<p>Mini-jupe en maille tress\u00e9e fa\u00e7on raphia blanche. Poche\u00a0 assortie suspendue \u00e0 la ceinture, taille haute, coupe trap\u00e8ze. Fermeture \u00e9clair. LOOK 14 de&hellip;<\/p>\n","protected":false},"featured_media":341290,"template":"","meta":[],"product_brand":[],"product_cat":[671,667,672,661],"product_tag":[],"class_list":{"0":"post-361509","1":"product","2":"type-product","3":"status-publish","4":"has-post-thumbnail","6":"product_cat-defiles","7":"product_cat-dernieres-pieces","8":"product_cat-jupes","9":"product_cat-tout-voir","10":"pa_taille-l-40-2","11":"pa_taille-m-38-2","12":"pa_taille-s-36-2","13":"pa_taille-sur-mesure-fr-2","14":"pa_taille-xl-42-fr-2","15":"pa_taille-xs-34-2","17":"first","18":"instock","19":"taxable","20":"shipping-taxable","21":"purchasable","22":"product-type-variable"},"_links":{"self":[{"href":"https:\/\/maisoncleo.com\/fr\/wp-json\/wp\/v2\/product\/361509","targetHints":{"allow":["GET"]}}],"collection":[{"href":"https:\/\/maisoncleo.com\/fr\/wp-json\/wp\/v2\/product"}],"about":[{"href":"https:\/\/maisoncleo.com\/fr\/wp-json\/wp\/v2\/types\/product"}],"version-history":[{"count":1,"href":"https:\/\/maisoncleo.com\/fr\/wp-json\/wp\/v2\/product\/361509\/revisions"}],"predecessor-version":[{"id":361535,"href":"https:\/\/maisoncleo.com\/fr\/wp-json\/wp\/v2\/product\/361509\/revisions\/361535"}],"wp:featuredmedia":[{"embeddable":true,"href":"https:\/\/maisoncleo.com\/fr\/wp-json\/wp\/v2\/media\/341290"}],"wp:attachment":[{"href":"https:\/\/maisoncleo.com\/fr\/wp-json\/wp\/v2\/media?parent=361509"}],"wp:term":[{"taxonomy":"product_brand","embeddable":true,"href":"https:\/\/maisoncleo.com\/fr\/wp-json\/wp\/v2\/product_brand?post=361509"},{"taxonomy":"product_cat","embeddable":true,"href":"https:\/\/maisoncleo.com\/fr\/wp-json\/wp\/v2\/product_cat?post=361509"},{"taxonomy":"product_tag","embeddable":true,"href":"https:\/\/maisoncleo.com\/fr\/wp-json\/wp\/v2\/product_tag?post=361509"}],"curies":[{"name":"wp","href":"https:\/\/api.w.org\/{rel}","templated":true}]}}

RUNWAY LOOK 14 &#8211; Mini-jupe façon raphia blanche avec poche

<p id="tw-target-text" class="tw-data-text tw-text-large tw-ta" dir="ltr" data-placeholder="Traduction"><span class="Y2IQFc" lang="fr">Mini-jupe en maille tressée façon raphia blanche. Poche  assortie suspendue à la ceinture, taille haute, coupe trapèze. Fermeture éclair.</span></p>
<p class="tw-data-text tw-text-large tw-ta" dir="ltr" data-placeholder="Traduction"><span class="Y2IQFc" lang="fr">LOOK 14 de notre premier défilé « Première Fois » en mars 2022. </span></p>
<p class="tw-data-text tw-text-large tw-ta" dir="ltr" data-placeholder="Traduction"><span class="Y2IQFc" lang="fr">La modèle mesure 1m75 et porte une taille S-36.</span></p>

<p>Mini-jupe en maille tressée façon raphia blanche. Poche  assortie suspendue à la ceinture, taille haute, coupe trapèze. Fermeture éclair. LOOK 14 de&hellip;</p>
