{"id":361508,"date":"2024-09-09T22:55:12","date_gmt":"2024-09-10T13:51:00","guid":{"rendered":"https:\/\/maisoncleo.com\/\/?post_type=product&#038;p=361508"},"modified":"2024-09-10T21:10:29","modified_gmt":"2024-09-10T19:10:29","slug":"runway-look-14-mini-sac-de-plage-transparent-rose-fuchsia","status":"publish","type":"product","link":"https:\/\/maisoncleo.com\/fr\/shop\/runway-look-14-mini-sac-de-plage-transparent-rose-fuchsia\/","title":{"rendered":"RUNWAY LOOK 14 &#8211; Mini sac de plage transparent rose fuchsia"},"content":{"rendered":"<p id=\"tw-target-text\" class=\"tw-data-text tw-text-large tw-ta\" dir=\"ltr\" data-placeholder=\"Traduction\"><span class=\"Y2IQFc\" lang=\"fr\">Adorable mini sac \u00e0 main de plage transparent rose fuchsia. A porter \u00e0 l&rsquo;\u00e9paule ou \u00e0 la main pour transporter votre bikini, cr\u00e8me solaire, lunettes de soleil ou ce que vous voulez!\u00a0<\/span><span class=\"Y2IQFc\" lang=\"fr\">Etiquette FFF4EVER cousue sur le c\u00f4t\u00e9. <\/span><\/p>\n<p class=\"tw-data-text tw-text-large tw-ta\" dir=\"ltr\" data-placeholder=\"Traduction\"><span class=\"Y2IQFc\" lang=\"fr\">LOOK 14 de notre premier d\u00e9fil\u00e9 \u00ab\u00a0Premi\u00e8re Fois\u00a0\u00bb en mars 2022. <\/span><\/p>\n<p class=\"tw-data-text tw-text-large tw-ta\" dir=\"ltr\" data-placeholder=\"Traduction\"><span class=\"Y2IQFc\" lang=\"fr\">La mod\u00e8le mesure 1m75 et porte une taille S-36.<\/span><\/p>\n","protected":false},"excerpt":{"rendered":"<p>Adorable mini sac \u00e0 main de plage transparent rose fuchsia. A porter \u00e0 l&rsquo;\u00e9paule ou \u00e0 la main pour transporter votre bikini,&hellip;<\/p>\n","protected":false},"featured_media":341313,"template":"","meta":[],"product_brand":[],"product_cat":[651,671,667,652,661],"product_tag":[],"class_list":{"0":"post-361508","1":"product","2":"type-product","3":"status-publish","4":"has-post-thumbnail","6":"product_cat-accessoires","7":"product_cat-defiles","8":"product_cat-dernieres-pieces","9":"product_cat-sacs","10":"product_cat-tout-voir","11":"pa_taille-l-40-2","12":"pa_taille-m-38-2","13":"pa_taille-s-36-2","14":"pa_taille-sur-mesure-fr-2","15":"pa_taille-xl-42-fr-2","16":"pa_taille-xs-34-2","18":"first","19":"instock","20":"taxable","21":"shipping-taxable","22":"purchasable","23":"product-type-variable"},"_links":{"self":[{"href":"https:\/\/maisoncleo.com\/fr\/wp-json\/wp\/v2\/product\/361508","targetHints":{"allow":["GET"]}}],"collection":[{"href":"https:\/\/maisoncleo.com\/fr\/wp-json\/wp\/v2\/product"}],"about":[{"href":"https:\/\/maisoncleo.com\/fr\/wp-json\/wp\/v2\/types\/product"}],"version-history":[{"count":1,"href":"https:\/\/maisoncleo.com\/fr\/wp-json\/wp\/v2\/product\/361508\/revisions"}],"predecessor-version":[{"id":361550,"href":"https:\/\/maisoncleo.com\/fr\/wp-json\/wp\/v2\/product\/361508\/revisions\/361550"}],"wp:featuredmedia":[{"embeddable":true,"href":"https:\/\/maisoncleo.com\/fr\/wp-json\/wp\/v2\/media\/341313"}],"wp:attachment":[{"href":"https:\/\/maisoncleo.com\/fr\/wp-json\/wp\/v2\/media?parent=361508"}],"wp:term":[{"taxonomy":"product_brand","embeddable":true,"href":"https:\/\/maisoncleo.com\/fr\/wp-json\/wp\/v2\/product_brand?post=361508"},{"taxonomy":"product_cat","embeddable":true,"href":"https:\/\/maisoncleo.com\/fr\/wp-json\/wp\/v2\/product_cat?post=361508"},{"taxonomy":"product_tag","embeddable":true,"href":"https:\/\/maisoncleo.com\/fr\/wp-json\/wp\/v2\/product_tag?post=361508"}],"curies":[{"name":"wp","href":"https:\/\/api.w.org\/{rel}","templated":true}]}}

<p id="tw-target-text" class="tw-data-text tw-text-large tw-ta" dir="ltr" data-placeholder="Traduction"><span class="Y2IQFc" lang="fr">Adorable mini sac à main de plage transparent rose fuchsia. A porter à l&rsquo;épaule ou à la main pour transporter votre bikini, crème solaire, lunettes de soleil ou ce que vous voulez! </span><span class="Y2IQFc" lang="fr">Etiquette FFF4EVER cousue sur le côté. </span></p>
<p class="tw-data-text tw-text-large tw-ta" dir="ltr" data-placeholder="Traduction"><span class="Y2IQFc" lang="fr">LOOK 14 de notre premier défilé « Première Fois » en mars 2022. </span></p>
<p class="tw-data-text tw-text-large tw-ta" dir="ltr" data-placeholder="Traduction"><span class="Y2IQFc" lang="fr">La modèle mesure 1m75 et porte une taille S-36.</span></p>

<p>Adorable mini sac à main de plage transparent rose fuchsia. A porter à l&rsquo;épaule ou à la main pour transporter votre bikini,&hellip;</p>
