{"id":361507,"date":"2024-09-09T22:55:12","date_gmt":"2024-09-10T13:51:00","guid":{"rendered":"https:\/\/maisoncleo.com\/\/?post_type=product&#038;p=361507"},"modified":"2024-09-10T21:10:27","modified_gmt":"2024-09-10T19:10:27","slug":"runway-look-14-veste-blanche-en-maille-tressee-facon-raphia","status":"publish","type":"product","link":"https:\/\/maisoncleo.com\/fr\/shop\/runway-look-14-veste-blanche-en-maille-tressee-facon-raphia\/","title":{"rendered":"RUNWAY LOOK 14 &#8211; Veste blanche en maille tress\u00e9e fa\u00e7on raphia"},"content":{"rendered":"<p id=\"tw-target-text\" class=\"tw-data-text tw-text-large tw-ta\" dir=\"ltr\" data-placeholder=\"Traduction\"><span class=\"Y2IQFc\" lang=\"fr\">Veste tress\u00e9e fa\u00e7on raphia blanche avec grand col rond frang\u00e9. Coupe oversize, deux poches devant, manches longues, 3 gros boutons vintage.<\/span><\/p>\n<p class=\"tw-data-text tw-text-large tw-ta\" dir=\"ltr\" data-placeholder=\"Traduction\"><span class=\"Y2IQFc\" lang=\"fr\">LOOK 14 de notre premier d\u00e9fil\u00e9 \u00ab\u00a0Premi\u00e8re Fois\u00a0\u00bb en mars 2022.<\/span><\/p>\n<p class=\"tw-data-text tw-text-large tw-ta\" dir=\"ltr\" data-placeholder=\"Traduction\"><span class=\"Y2IQFc\" lang=\"fr\">La mod\u00e8le mesure 1m75 et porte une taille S-36.<\/span><\/p>\n","protected":false},"excerpt":{"rendered":"<p>Veste tress\u00e9e fa\u00e7on raphia blanche avec grand col rond frang\u00e9. Coupe oversize, deux poches devant, manches longues, 3 gros boutons vintage. LOOK&hellip;<\/p>\n","protected":false},"featured_media":341255,"template":"","meta":[],"product_brand":[],"product_cat":[667,661,665],"product_tag":[],"class_list":{"0":"post-361507","1":"product","2":"type-product","3":"status-publish","4":"has-post-thumbnail","6":"product_cat-dernieres-pieces","7":"product_cat-tout-voir","8":"product_cat-vestes-manteaux","9":"pa_taille-l-40-2","10":"pa_taille-m-38-2","11":"pa_taille-s-36-2","12":"pa_taille-sur-mesure-fr-2","13":"pa_taille-xl-42-fr-2","14":"pa_taille-xs-34-2","16":"first","17":"instock","18":"taxable","19":"shipping-taxable","20":"purchasable","21":"product-type-variable"},"_links":{"self":[{"href":"https:\/\/maisoncleo.com\/fr\/wp-json\/wp\/v2\/product\/361507","targetHints":{"allow":["GET"]}}],"collection":[{"href":"https:\/\/maisoncleo.com\/fr\/wp-json\/wp\/v2\/product"}],"about":[{"href":"https:\/\/maisoncleo.com\/fr\/wp-json\/wp\/v2\/types\/product"}],"version-history":[{"count":1,"href":"https:\/\/maisoncleo.com\/fr\/wp-json\/wp\/v2\/product\/361507\/revisions"}],"predecessor-version":[{"id":361534,"href":"https:\/\/maisoncleo.com\/fr\/wp-json\/wp\/v2\/product\/361507\/revisions\/361534"}],"wp:featuredmedia":[{"embeddable":true,"href":"https:\/\/maisoncleo.com\/fr\/wp-json\/wp\/v2\/media\/341255"}],"wp:attachment":[{"href":"https:\/\/maisoncleo.com\/fr\/wp-json\/wp\/v2\/media?parent=361507"}],"wp:term":[{"taxonomy":"product_brand","embeddable":true,"href":"https:\/\/maisoncleo.com\/fr\/wp-json\/wp\/v2\/product_brand?post=361507"},{"taxonomy":"product_cat","embeddable":true,"href":"https:\/\/maisoncleo.com\/fr\/wp-json\/wp\/v2\/product_cat?post=361507"},{"taxonomy":"product_tag","embeddable":true,"href":"https:\/\/maisoncleo.com\/fr\/wp-json\/wp\/v2\/product_tag?post=361507"}],"curies":[{"name":"wp","href":"https:\/\/api.w.org\/{rel}","templated":true}]}}

RUNWAY LOOK 14 &#8211; Veste blanche en maille tressée façon raphia

<p id="tw-target-text" class="tw-data-text tw-text-large tw-ta" dir="ltr" data-placeholder="Traduction"><span class="Y2IQFc" lang="fr">Veste tressée façon raphia blanche avec grand col rond frangé. Coupe oversize, deux poches devant, manches longues, 3 gros boutons vintage.</span></p>
<p class="tw-data-text tw-text-large tw-ta" dir="ltr" data-placeholder="Traduction"><span class="Y2IQFc" lang="fr">LOOK 14 de notre premier défilé « Première Fois » en mars 2022.</span></p>
<p class="tw-data-text tw-text-large tw-ta" dir="ltr" data-placeholder="Traduction"><span class="Y2IQFc" lang="fr">La modèle mesure 1m75 et porte une taille S-36.</span></p>

<p>Veste tressée façon raphia blanche avec grand col rond frangé. Coupe oversize, deux poches devant, manches longues, 3 gros boutons vintage. LOOK&hellip;</p>
