{"id":361498,"date":"2024-09-09T22:54:44","date_gmt":"2024-09-10T13:51:00","guid":{"rendered":"https:\/\/maisoncleo.com\/\/?post_type=product&#038;p=361498"},"modified":"2024-09-10T21:10:25","modified_gmt":"2024-09-10T19:10:25","slug":"ss22-runway-look-13-robe-courte-en-dentelle-marguerites-de-calais","status":"publish","type":"product","link":"https:\/\/maisoncleo.com\/fr\/shop\/ss22-runway-look-13-robe-courte-en-dentelle-marguerites-de-calais\/","title":{"rendered":"SS22 RUNWAY LOOK 13 &#8211; Robe courte en dentelle marguerites de Calais"},"content":{"rendered":"<p id=\"tw-target-text\" class=\"tw-data-text tw-text-large tw-ta\" dir=\"ltr\" data-placeholder=\"Traduction\"><span class=\"Y2IQFc\" lang=\"fr\">Mini-robe en dentelle jersey marguerites de Calais. Coupe ajust\u00e9e et droite, \u00e9tiquette FFF4EVER cousue sur le c\u00f4t\u00e9 gauche.<\/span><\/p>\n<p class=\"tw-data-text tw-text-large tw-ta\" dir=\"ltr\" data-placeholder=\"Traduction\"><span class=\"Y2IQFc\" lang=\"fr\">LOOK 13 de notre premier d\u00e9fil\u00e9 \u00ab\u00a0Premi\u00e8re Fois\u00a0\u00bb \/ mars 2022. <\/span><\/p>\n<p class=\"tw-data-text tw-text-large tw-ta\" dir=\"ltr\" data-placeholder=\"Traduction\"><span class=\"Y2IQFc\" lang=\"fr\">La mod\u00e8le mesure 1m75 et porte une taille S-36.<\/span><\/p>\n","protected":false},"excerpt":{"rendered":"<p>Mini-robe en dentelle jersey marguerites de Calais. Coupe ajust\u00e9e et droite, \u00e9tiquette FFF4EVER cousue sur le c\u00f4t\u00e9 gauche. LOOK 13 de notre&hellip;<\/p>\n","protected":false},"featured_media":341202,"template":"","meta":[],"product_brand":[],"product_cat":[671,667,664,661],"product_tag":[],"class_list":{"0":"post-361498","1":"product","2":"type-product","3":"status-publish","4":"has-post-thumbnail","6":"product_cat-defiles","7":"product_cat-dernieres-pieces","8":"product_cat-robes","9":"product_cat-tout-voir","10":"pa_taille-l-40-2","11":"pa_taille-m-38-2","12":"pa_taille-s-36-2","13":"pa_taille-sur-mesure-fr-2","14":"pa_taille-xl-42-fr-2","15":"pa_taille-xs-34-2","17":"first","18":"outofstock","19":"taxable","20":"shipping-taxable","21":"purchasable","22":"product-type-variable"},"_links":{"self":[{"href":"https:\/\/maisoncleo.com\/fr\/wp-json\/wp\/v2\/product\/361498","targetHints":{"allow":["GET"]}}],"collection":[{"href":"https:\/\/maisoncleo.com\/fr\/wp-json\/wp\/v2\/product"}],"about":[{"href":"https:\/\/maisoncleo.com\/fr\/wp-json\/wp\/v2\/types\/product"}],"version-history":[{"count":1,"href":"https:\/\/maisoncleo.com\/fr\/wp-json\/wp\/v2\/product\/361498\/revisions"}],"predecessor-version":[{"id":361525,"href":"https:\/\/maisoncleo.com\/fr\/wp-json\/wp\/v2\/product\/361498\/revisions\/361525"}],"wp:featuredmedia":[{"embeddable":true,"href":"https:\/\/maisoncleo.com\/fr\/wp-json\/wp\/v2\/media\/341202"}],"wp:attachment":[{"href":"https:\/\/maisoncleo.com\/fr\/wp-json\/wp\/v2\/media?parent=361498"}],"wp:term":[{"taxonomy":"product_brand","embeddable":true,"href":"https:\/\/maisoncleo.com\/fr\/wp-json\/wp\/v2\/product_brand?post=361498"},{"taxonomy":"product_cat","embeddable":true,"href":"https:\/\/maisoncleo.com\/fr\/wp-json\/wp\/v2\/product_cat?post=361498"},{"taxonomy":"product_tag","embeddable":true,"href":"https:\/\/maisoncleo.com\/fr\/wp-json\/wp\/v2\/product_tag?post=361498"}],"curies":[{"name":"wp","href":"https:\/\/api.w.org\/{rel}","templated":true}]}}

<p id="tw-target-text" class="tw-data-text tw-text-large tw-ta" dir="ltr" data-placeholder="Traduction"><span class="Y2IQFc" lang="fr">Mini-robe en dentelle jersey marguerites de Calais. Coupe ajustée et droite, étiquette FFF4EVER cousue sur le côté gauche.</span></p>
<p class="tw-data-text tw-text-large tw-ta" dir="ltr" data-placeholder="Traduction"><span class="Y2IQFc" lang="fr">LOOK 13 de notre premier défilé « Première Fois » / mars 2022. </span></p>
<p class="tw-data-text tw-text-large tw-ta" dir="ltr" data-placeholder="Traduction"><span class="Y2IQFc" lang="fr">La modèle mesure 1m75 et porte une taille S-36.</span></p>

<p>Mini-robe en dentelle jersey marguerites de Calais. Coupe ajustée et droite, étiquette FFF4EVER cousue sur le côté gauche. LOOK 13 de notre&hellip;</p>
