{"id":361028,"date":"2024-09-09T22:08:45","date_gmt":"2024-09-10T13:34:52","guid":{"rendered":"https:\/\/maisoncleo.com\/\/?post_type=product&#038;p=361028"},"modified":"2024-09-10T21:09:39","modified_gmt":"2024-09-10T19:09:39","slug":"chemise-manches-longues-en-coton-blanc-cleo","status":"publish","type":"product","link":"https:\/\/maisoncleo.com\/fr\/shop\/chemise-manches-longues-en-coton-blanc-cleo\/","title":{"rendered":"Chemise manches longues en coton blanc Cl\u00e9o"},"content":{"rendered":"<p id=\"tw-target-text\" class=\"tw-data-text tw-text-large XcVN5d tw-ta\" dir=\"ltr\" data-placeholder=\"Traduction\"><span class=\"Y2IQFc\" lang=\"fr\">Notre toute premi\u00e8re chemise&#8230; La chemise Cl\u00e9o! Boutonni\u00e8re avec des boutons grav\u00e9s \u00ab\u00a0MaisonCl\u00e9o\u00a0\u00bb fabriqu\u00e9s \u00e0 c\u00f4t\u00e9 de chez nous dans le nord de la France, manches longues avec deux poignets pointus, qui peuvent \u00eatre ferm\u00e9s par un bouton ou retrouss\u00e9s sur eux-m\u00eames, pinces poitrine, 2 fentes sur le c\u00f4t\u00e9 bas, col pointu, ajust\u00e9 sur la poitrine et droit sur la taille. 100% coton. Il faut 3 heures pour en faire une.<\/span><\/p>\n<p dir=\"ltr\" data-placeholder=\"Traduction\">La mod\u00e8le Jade porte une taille 34, ce qui est sa taille habituelle. Longueur depuis la couture \u00e9paule : 64 cm.<\/p>\n<p dir=\"ltr\" data-placeholder=\"Traduction\">La mod\u00e8le mesure 1m71.<\/p>\n","protected":false},"excerpt":{"rendered":"<p>Notre toute premi\u00e8re chemise&#8230; La chemise Cl\u00e9o! Boutonni\u00e8re avec des boutons grav\u00e9s \u00ab\u00a0MaisonCl\u00e9o\u00a0\u00bb fabriqu\u00e9s \u00e0 c\u00f4t\u00e9 de chez nous dans le nord&hellip;<\/p>\n","protected":false},"featured_media":340312,"template":"","meta":[],"product_brand":[],"product_cat":[662,663,667],"product_tag":[],"class_list":{"0":"post-361028","1":"product","2":"type-product","3":"status-publish","4":"has-post-thumbnail","6":"product_cat-basiques","7":"product_cat-blouses","8":"product_cat-dernieres-pieces","9":"pa_taille-l-40-2","10":"pa_taille-m-38-2","11":"pa_taille-s-36-2","12":"pa_taille-sur-mesure-fr-2","13":"pa_taille-xl-42-fr-2","14":"pa_taille-xs-34-2","16":"first","17":"instock","18":"taxable","19":"shipping-taxable","20":"purchasable","21":"product-type-variable"},"_links":{"self":[{"href":"https:\/\/maisoncleo.com\/fr\/wp-json\/wp\/v2\/product\/361028","targetHints":{"allow":["GET"]}}],"collection":[{"href":"https:\/\/maisoncleo.com\/fr\/wp-json\/wp\/v2\/product"}],"about":[{"href":"https:\/\/maisoncleo.com\/fr\/wp-json\/wp\/v2\/types\/product"}],"version-history":[{"count":1,"href":"https:\/\/maisoncleo.com\/fr\/wp-json\/wp\/v2\/product\/361028\/revisions"}],"predecessor-version":[{"id":361102,"href":"https:\/\/maisoncleo.com\/fr\/wp-json\/wp\/v2\/product\/361028\/revisions\/361102"}],"wp:featuredmedia":[{"embeddable":true,"href":"https:\/\/maisoncleo.com\/fr\/wp-json\/wp\/v2\/media\/340312"}],"wp:attachment":[{"href":"https:\/\/maisoncleo.com\/fr\/wp-json\/wp\/v2\/media?parent=361028"}],"wp:term":[{"taxonomy":"product_brand","embeddable":true,"href":"https:\/\/maisoncleo.com\/fr\/wp-json\/wp\/v2\/product_brand?post=361028"},{"taxonomy":"product_cat","embeddable":true,"href":"https:\/\/maisoncleo.com\/fr\/wp-json\/wp\/v2\/product_cat?post=361028"},{"taxonomy":"product_tag","embeddable":true,"href":"https:\/\/maisoncleo.com\/fr\/wp-json\/wp\/v2\/product_tag?post=361028"}],"curies":[{"name":"wp","href":"https:\/\/api.w.org\/{rel}","templated":true}]}}

Chemise manches longues en coton blanc Cléo

<p id="tw-target-text" class="tw-data-text tw-text-large XcVN5d tw-ta" dir="ltr" data-placeholder="Traduction"><span class="Y2IQFc" lang="fr">Notre toute première chemise&#8230; La chemise Cléo! Boutonnière avec des boutons gravés « MaisonCléo » fabriqués à côté de chez nous dans le nord de la France, manches longues avec deux poignets pointus, qui peuvent être fermés par un bouton ou retroussés sur eux-mêmes, pinces poitrine, 2 fentes sur le côté bas, col pointu, ajusté sur la poitrine et droit sur la taille. 100% coton. Il faut 3 heures pour en faire une.</span></p>
<p dir="ltr" data-placeholder="Traduction">La modèle Jade porte une taille 34, ce qui est sa taille habituelle. Longueur depuis la couture épaule : 64 cm.</p>
<p dir="ltr" data-placeholder="Traduction">La modèle mesure 1m71.</p>

<p>Notre toute première chemise&#8230; La chemise Cléo! Boutonnière avec des boutons gravés « MaisonCléo » fabriqués à côté de chez nous dans le nord&hellip;</p>
