{"id":360935,"date":"2024-09-09T22:03:12","date_gmt":"2024-09-10T13:31:49","guid":{"rendered":"https:\/\/maisoncleo.com\/\/?post_type=product&#038;p=360935"},"modified":"2024-09-10T21:09:33","modified_gmt":"2024-09-10T19:09:33","slug":"veste-prune-effet-tweed-texture-sophia","status":"publish","type":"product","link":"https:\/\/maisoncleo.com\/fr\/shop\/veste-prune-effet-tweed-texture-sophia\/","title":{"rendered":"Veste prune effet tweed textur\u00e9 SOPHIA"},"content":{"rendered":"<p>Veste prune effet tweed textur\u00e9 avec d\u00e9tails lilac, faite dans un tissu couture limit\u00e9, petit col rond, boutons velours uniques vintage, manches longues. Non doubl\u00e9e.<\/p>\n<p>La mod\u00e8le mesure 1m68.<\/p>\n","protected":false},"excerpt":{"rendered":"<p>Veste prune effet tweed textur\u00e9 avec d\u00e9tails lilac, faite dans un tissu couture limit\u00e9, petit col rond, boutons velours uniques vintage, manches&hellip;<\/p>\n","protected":false},"featured_media":340189,"template":"","meta":[],"product_brand":[],"product_cat":[667,665],"product_tag":[],"class_list":{"0":"post-360935","1":"product","2":"type-product","3":"status-publish","4":"has-post-thumbnail","6":"product_cat-dernieres-pieces","7":"product_cat-vestes-manteaux","8":"pa_taille-l-40-2","9":"pa_taille-m-38-2","10":"pa_taille-s-36-2","11":"pa_taille-sur-mesure-fr-2","12":"pa_taille-xl-42-fr-2","13":"pa_taille-xs-34-2","15":"first","16":"instock","17":"taxable","18":"shipping-taxable","19":"purchasable","20":"product-type-variable"},"_links":{"self":[{"href":"https:\/\/maisoncleo.com\/fr\/wp-json\/wp\/v2\/product\/360935","targetHints":{"allow":["GET"]}}],"collection":[{"href":"https:\/\/maisoncleo.com\/fr\/wp-json\/wp\/v2\/product"}],"about":[{"href":"https:\/\/maisoncleo.com\/fr\/wp-json\/wp\/v2\/types\/product"}],"version-history":[{"count":1,"href":"https:\/\/maisoncleo.com\/fr\/wp-json\/wp\/v2\/product\/360935\/revisions"}],"predecessor-version":[{"id":360967,"href":"https:\/\/maisoncleo.com\/fr\/wp-json\/wp\/v2\/product\/360935\/revisions\/360967"}],"wp:featuredmedia":[{"embeddable":true,"href":"https:\/\/maisoncleo.com\/fr\/wp-json\/wp\/v2\/media\/340189"}],"wp:attachment":[{"href":"https:\/\/maisoncleo.com\/fr\/wp-json\/wp\/v2\/media?parent=360935"}],"wp:term":[{"taxonomy":"product_brand","embeddable":true,"href":"https:\/\/maisoncleo.com\/fr\/wp-json\/wp\/v2\/product_brand?post=360935"},{"taxonomy":"product_cat","embeddable":true,"href":"https:\/\/maisoncleo.com\/fr\/wp-json\/wp\/v2\/product_cat?post=360935"},{"taxonomy":"product_tag","embeddable":true,"href":"https:\/\/maisoncleo.com\/fr\/wp-json\/wp\/v2\/product_tag?post=360935"}],"curies":[{"name":"wp","href":"https:\/\/api.w.org\/{rel}","templated":true}]}}

Veste prune effet tweed texturé SOPHIA

<p>Veste prune effet tweed texturé avec détails lilac, faite dans un tissu couture limité, petit col rond, boutons velours uniques vintage, manches longues. Non doublée.</p>
<p>La modèle mesure 1m68.</p>

<p>Veste prune effet tweed texturé avec détails lilac, faite dans un tissu couture limité, petit col rond, boutons velours uniques vintage, manches&hellip;</p>
