{"id":360774,"date":"2024-09-09T21:51:48","date_gmt":"2024-09-10T13:26:50","guid":{"rendered":"https:\/\/maisoncleo.com\/\/?post_type=product&#038;p=360774"},"modified":"2024-09-10T21:09:14","modified_gmt":"2024-09-10T19:09:14","slug":"gilet-tricote-noir-en-coton-organique-lore","status":"publish","type":"product","link":"https:\/\/maisoncleo.com\/fr\/shop\/gilet-tricote-noir-en-coton-organique-lore\/","title":{"rendered":"Gilet tricot\u00e9 noir en coton organique LORE"},"content":{"rendered":"<p>Gilet tricot\u00e9 noir dans un fil luxe compos\u00e9 de 80% coton et 20% cachemire. C\u00f4tes, deux manches courtes.<\/p>\n<p>Nous mettons 2,5 heures pour en tricoter un! Vous pouvez demander la longueur que vous souhaitez. Litt\u00e9ralement le gilet \u00e0 porter pour toutes les occasions cet automne!<\/p>\n","protected":false},"excerpt":{"rendered":"<p>Gilet tricot\u00e9 noir dans un fil luxe compos\u00e9 de 80% coton et 20% cachemire. C\u00f4tes, deux manches courtes. Nous mettons 2,5 heures&hellip;<\/p>\n","protected":false},"featured_media":339816,"template":"","meta":[],"product_brand":[],"product_cat":[662,683,667,666],"product_tag":[],"class_list":{"0":"post-360774","1":"product","2":"type-product","3":"status-publish","4":"has-post-thumbnail","6":"product_cat-basiques","7":"product_cat-cardigans","8":"product_cat-dernieres-pieces","9":"product_cat-mailles","10":"pa_taille-l-40-2","11":"pa_taille-m-38-2","12":"pa_taille-s-36-2","13":"pa_taille-sur-mesure-fr-2","14":"pa_taille-xl-42-fr-2","15":"pa_taille-xs-34-2","17":"first","18":"instock","19":"taxable","20":"shipping-taxable","21":"purchasable","22":"product-type-variable"},"_links":{"self":[{"href":"https:\/\/maisoncleo.com\/fr\/wp-json\/wp\/v2\/product\/360774","targetHints":{"allow":["GET"]}}],"collection":[{"href":"https:\/\/maisoncleo.com\/fr\/wp-json\/wp\/v2\/product"}],"about":[{"href":"https:\/\/maisoncleo.com\/fr\/wp-json\/wp\/v2\/types\/product"}],"version-history":[{"count":1,"href":"https:\/\/maisoncleo.com\/fr\/wp-json\/wp\/v2\/product\/360774\/revisions"}],"predecessor-version":[{"id":360830,"href":"https:\/\/maisoncleo.com\/fr\/wp-json\/wp\/v2\/product\/360774\/revisions\/360830"}],"wp:featuredmedia":[{"embeddable":true,"href":"https:\/\/maisoncleo.com\/fr\/wp-json\/wp\/v2\/media\/339816"}],"wp:attachment":[{"href":"https:\/\/maisoncleo.com\/fr\/wp-json\/wp\/v2\/media?parent=360774"}],"wp:term":[{"taxonomy":"product_brand","embeddable":true,"href":"https:\/\/maisoncleo.com\/fr\/wp-json\/wp\/v2\/product_brand?post=360774"},{"taxonomy":"product_cat","embeddable":true,"href":"https:\/\/maisoncleo.com\/fr\/wp-json\/wp\/v2\/product_cat?post=360774"},{"taxonomy":"product_tag","embeddable":true,"href":"https:\/\/maisoncleo.com\/fr\/wp-json\/wp\/v2\/product_tag?post=360774"}],"curies":[{"name":"wp","href":"https:\/\/api.w.org\/{rel}","templated":true}]}}

Gilet tricoté noir en coton organique LORE

<p>Gilet tricoté noir dans un fil luxe composé de 80% coton et 20% cachemire. Côtes, deux manches courtes.</p>
<p>Nous mettons 2,5 heures pour en tricoter un! Vous pouvez demander la longueur que vous souhaitez. Littéralement le gilet à porter pour toutes les occasions cet automne!</p>

<p>Gilet tricoté noir dans un fil luxe composé de 80% coton et 20% cachemire. Côtes, deux manches courtes. Nous mettons 2,5 heures&hellip;</p>
