{"id":359676,"date":"2024-09-09T20:24:26","date_gmt":"2024-09-10T12:43:11","guid":{"rendered":"https:\/\/maisoncleo.com\/\/?post_type=product&#038;p=359676"},"modified":"2024-09-10T21:08:04","modified_gmt":"2024-09-10T19:08:04","slug":"brassiere-a-sequins-noirs-tricotee-lara","status":"publish","type":"product","link":"https:\/\/maisoncleo.com\/fr\/shop\/brassiere-a-sequins-noirs-tricotee-lara\/","title":{"rendered":"Brassi\u00e8re \u00e0 sequins noirs tricot\u00e9e LARA"},"content":{"rendered":"<p id=\"tw-target-text\" class=\"tw-data-text tw-text-large XcVN5d tw-ta\" dir=\"ltr\" data-placeholder=\"Traduction\"><span lang=\"fr\">Notre premi\u00e8re brassi\u00e8re en maille! <\/span><\/p>\n<p class=\"tw-data-text tw-text-large XcVN5d tw-ta\" dir=\"ltr\" data-placeholder=\"Traduction\"><span lang=\"fr\">Fabriqu\u00e9e dans un fil de soie et cachemire de luxe 100% noir brod\u00e9 de sequins que nous m\u00e9langeons avec un fil \u00e9lastique fabriqu\u00e9 localement dans notre ville de Lille. Il n&rsquo;y a donc pas de syst\u00e8me de fermeture car il donne une coupe stretch. Tr\u00e8s bon maintien de la poitrine gr\u00e2ce \u00e0 l&rsquo;\u00e9lasticit\u00e9. <\/span><\/p>\n<p class=\"tw-data-text tw-text-large XcVN5d tw-ta\" dir=\"ltr\" data-placeholder=\"Traduction\"><span lang=\"fr\">Voir la derni\u00e8re photo pour la voir port\u00e9e sur une poitrine plus g\u00e9n\u00e9reuse.<\/span><\/p>\n<p dir=\"ltr\" data-placeholder=\"Traduction\">La mod\u00e8le mesure 1m68.<\/p>\n","protected":false},"excerpt":{"rendered":"<p>Notre premi\u00e8re brassi\u00e8re en maille! Fabriqu\u00e9e dans un fil de soie et cachemire de luxe 100% noir brod\u00e9 de sequins que nous&hellip;<\/p>\n","protected":false},"featured_media":338461,"template":"","meta":[],"product_brand":[],"product_cat":[667,666,674],"product_tag":[],"class_list":{"0":"post-359676","1":"product","2":"type-product","3":"status-publish","4":"has-post-thumbnail","6":"product_cat-dernieres-pieces","7":"product_cat-mailles","8":"product_cat-tops","9":"pa_taille-l-40-2","10":"pa_taille-m-38-2","11":"pa_taille-s-36-2","12":"pa_taille-sur-mesure-fr-2","13":"pa_taille-xl-42-fr-2","14":"pa_taille-xs-34-2","16":"first","17":"outofstock","18":"taxable","19":"shipping-taxable","20":"purchasable","21":"product-type-variable"},"_links":{"self":[{"href":"https:\/\/maisoncleo.com\/fr\/wp-json\/wp\/v2\/product\/359676","targetHints":{"allow":["GET"]}}],"collection":[{"href":"https:\/\/maisoncleo.com\/fr\/wp-json\/wp\/v2\/product"}],"about":[{"href":"https:\/\/maisoncleo.com\/fr\/wp-json\/wp\/v2\/types\/product"}],"version-history":[{"count":1,"href":"https:\/\/maisoncleo.com\/fr\/wp-json\/wp\/v2\/product\/359676\/revisions"}],"predecessor-version":[{"id":360154,"href":"https:\/\/maisoncleo.com\/fr\/wp-json\/wp\/v2\/product\/359676\/revisions\/360154"}],"wp:featuredmedia":[{"embeddable":true,"href":"https:\/\/maisoncleo.com\/fr\/wp-json\/wp\/v2\/media\/338461"}],"wp:attachment":[{"href":"https:\/\/maisoncleo.com\/fr\/wp-json\/wp\/v2\/media?parent=359676"}],"wp:term":[{"taxonomy":"product_brand","embeddable":true,"href":"https:\/\/maisoncleo.com\/fr\/wp-json\/wp\/v2\/product_brand?post=359676"},{"taxonomy":"product_cat","embeddable":true,"href":"https:\/\/maisoncleo.com\/fr\/wp-json\/wp\/v2\/product_cat?post=359676"},{"taxonomy":"product_tag","embeddable":true,"href":"https:\/\/maisoncleo.com\/fr\/wp-json\/wp\/v2\/product_tag?post=359676"}],"curies":[{"name":"wp","href":"https:\/\/api.w.org\/{rel}","templated":true}]}}

Brassière à sequins noirs tricotée LARA

<p id="tw-target-text" class="tw-data-text tw-text-large XcVN5d tw-ta" dir="ltr" data-placeholder="Traduction"><span lang="fr">Notre première brassière en maille! </span></p>
<p class="tw-data-text tw-text-large XcVN5d tw-ta" dir="ltr" data-placeholder="Traduction"><span lang="fr">Fabriquée dans un fil de soie et cachemire de luxe 100% noir brodé de sequins que nous mélangeons avec un fil élastique fabriqué localement dans notre ville de Lille. Il n&rsquo;y a donc pas de système de fermeture car il donne une coupe stretch. Très bon maintien de la poitrine grâce à l&rsquo;élasticité. </span></p>
<p class="tw-data-text tw-text-large XcVN5d tw-ta" dir="ltr" data-placeholder="Traduction"><span lang="fr">Voir la dernière photo pour la voir portée sur une poitrine plus généreuse.</span></p>
<p dir="ltr" data-placeholder="Traduction">La modèle mesure 1m68.</p>

<p>Notre première brassière en maille! Fabriquée dans un fil de soie et cachemire de luxe 100% noir brodé de sequins que nous&hellip;</p>
